{"id":164,"date":"2023-09-04T15:38:51","date_gmt":"2023-09-04T13:38:51","guid":{"rendered":"https:\/\/www3.poitiers-jeunes.com\/lesexpressifs2023\/?post_type=product&#038;p=164"},"modified":"2023-09-13T12:10:43","modified_gmt":"2023-09-13T10:10:43","slug":"pocollectif","status":"publish","type":"product","link":"https:\/\/www3.poitiers-jeunes.com\/lesexpressifs2023\/spectacle\/pocollectif\/","title":{"rendered":"Pocollectif"},"content":{"rendered":"<p><strong>Eine Brise &amp; Emballage Final<\/strong><\/p>\n<p>Performance musicale<br \/>\nPoitiers (86)<br \/>\nCr\u00e9ation 2023<\/p>\n<p>Avez-vous d\u00e9j\u00e0 \u00e9cout\u00e9\u00a0?<\/p>\n<p>La musicalit\u00e9 d\u2019une brise\u00a0? Le son furtif d\u2019un souffle\u00a0? Une nu\u00e9e de bicyclettes pass\u00e9es devant vous\u00a0? Le calme avant le bruissement\u00a0? Un concerto grosso pour v\u00e9los et instruments \u00e0 vent\u00a0?<\/p>\n<p>Le PoCollectif vous invite \u00e0 vivre deux performances musicales sonnantes et p\u00e9dalantes dans le cadre des Expressifs 2023 et de la F\u00eate de la Science.<\/p>\n<p>D\u2019abord accueilli dans une \u00ab\u00a0zone d\u2019\u00e9coute sensible\u00a0\u00bb, le public sera incit\u00e9 \u00e0 \u00e9couter entre autres, sons longs et courts, sons proches et lointains, sons naturels et artificiels devront \u00eatre discern\u00e9s.<\/p>\n<p>Ensuite, une premi\u00e8re performance. Une adaptation de la pi\u00e8ce nomm\u00e9e \u00ab Eine Brise \u00bb (trad fr. : une brise), compos\u00e9e par l\u2019argentin Mauricio Kagel (1931 \u2013 2008) en 1997. Une pi\u00e8ce jou\u00e9e par 111 cyclistes devant un public des plus attentifs au moindre son.<\/p>\n<p>Et puis, une deuxi\u00e8me performance\u00a0: \u00ab\u00a0Emballage Final\u00a0\u00bb. Une pi\u00e8ce compos\u00e9e sp\u00e9cialement pour l\u2019occasion par Julien Deborde, membre \u00e9m\u00e9rite du PoCollectif. Son propos qu\u2019il ne cesse de r\u00e9p\u00e9ter\u00a0: \u00ab\u00a0Ah b\u00e9h si\u00a0! la musique est partout\u00a0\u00bb.<\/p>\n<p>Et enfin, chacun et chacune du public continue de vivre apr\u00e8s \u00e7a.<\/p>\n<p>En d\u00e9ambulation.<\/p>\n<p>Ce projet du Pocollectif est une coproduction de l\u2019EMF, le Lieu Multiple, Jazz \u00e0 Poitiers et Poitiers Jeunes.<\/p>\n<p><a href=\"https:\/\/emf.fr\/\"><img loading=\"lazy\" decoding=\"async\" class=\"wp-image-165 alignleft\" src=\"http:\/\/www3.poitiers-jeunes.com\/lesexpressifs2023\/files\/2023\/09\/EMF_NB.jpg\" alt=\"\" width=\"82\" height=\"82\" srcset=\"https:\/\/www3.poitiers-jeunes.com\/lesexpressifs2023\/files\/2023\/09\/EMF_NB.jpg 480w, https:\/\/www3.poitiers-jeunes.com\/lesexpressifs2023\/files\/2023\/09\/EMF_NB-300x300.jpg 300w, https:\/\/www3.poitiers-jeunes.com\/lesexpressifs2023\/files\/2023\/09\/EMF_NB-150x150.jpg 150w, https:\/\/www3.poitiers-jeunes.com\/lesexpressifs2023\/files\/2023\/09\/EMF_NB-90x90.jpg 90w, https:\/\/www3.poitiers-jeunes.com\/lesexpressifs2023\/files\/2023\/09\/EMF_NB-100x100.jpg 100w, https:\/\/www3.poitiers-jeunes.com\/lesexpressifs2023\/files\/2023\/09\/EMF_NB-116x116.jpg 116w, https:\/\/www3.poitiers-jeunes.com\/lesexpressifs2023\/files\/2023\/09\/EMF_NB-50x50.jpg 50w\" sizes=\"auto, (max-width: 82px) 100vw, 82px\" \/><\/a><a href=\"https:\/\/jazzapoitiers.org\/\"><img loading=\"lazy\" decoding=\"async\" class=\"wp-image-166 alignleft\" src=\"http:\/\/www3.poitiers-jeunes.com\/lesexpressifs2023\/files\/2023\/09\/JAP.png\" alt=\"\" width=\"91\" height=\"91\" srcset=\"https:\/\/www3.poitiers-jeunes.com\/lesexpressifs2023\/files\/2023\/09\/JAP.png 300w, https:\/\/www3.poitiers-jeunes.com\/lesexpressifs2023\/files\/2023\/09\/JAP-150x150.png 150w, https:\/\/www3.poitiers-jeunes.com\/lesexpressifs2023\/files\/2023\/09\/JAP-90x90.png 90w, https:\/\/www3.poitiers-jeunes.com\/lesexpressifs2023\/files\/2023\/09\/JAP-100x100.png 100w, https:\/\/www3.poitiers-jeunes.com\/lesexpressifs2023\/files\/2023\/09\/JAP-116x116.png 116w, https:\/\/www3.poitiers-jeunes.com\/lesexpressifs2023\/files\/2023\/09\/JAP-50x50.png 50w\" sizes=\"auto, (max-width: 91px) 100vw, 91px\" \/><\/a><\/p>\n<p>&nbsp;<\/p>\n<p>&nbsp;<\/p>\n<p>&nbsp;<\/p>\n<p><a href=\"https:\/\/www3.poitiers-jeunes.com\/\"><img loading=\"lazy\" decoding=\"async\" class=\"wp-image-167 alignleft\" src=\"http:\/\/www3.poitiers-jeunes.com\/lesexpressifs2023\/files\/2023\/09\/Poitiers-jeunes-logo-noir-1024x277.png\" alt=\"\" width=\"169\" height=\"46\" srcset=\"https:\/\/www3.poitiers-jeunes.com\/lesexpressifs2023\/files\/2023\/09\/Poitiers-jeunes-logo-noir-1024x277.png 1024w, https:\/\/www3.poitiers-jeunes.com\/lesexpressifs2023\/files\/2023\/09\/Poitiers-jeunes-logo-noir-300x81.png 300w, https:\/\/www3.poitiers-jeunes.com\/lesexpressifs2023\/files\/2023\/09\/Poitiers-jeunes-logo-noir-768x208.png 768w, https:\/\/www3.poitiers-jeunes.com\/lesexpressifs2023\/files\/2023\/09\/Poitiers-jeunes-logo-noir-600x162.png 600w, https:\/\/www3.poitiers-jeunes.com\/lesexpressifs2023\/files\/2023\/09\/Poitiers-jeunes-logo-noir-228x62.png 228w, https:\/\/www3.poitiers-jeunes.com\/lesexpressifs2023\/files\/2023\/09\/Poitiers-jeunes-logo-noir.png 1167w\" sizes=\"auto, (max-width: 169px) 100vw, 169px\" \/><\/a><\/p>\n<p>&nbsp;<\/p>\n<p>&nbsp;<\/p>\n<p><a href=\"https:\/\/pocollectif.fr\/\">https:\/\/pocollectif.fr\/<\/a><\/p>\n<p>&nbsp;<\/p>\n<table style=\"border-collapse: collapse; width: 100%; height: 72px;\">\n<tbody>\n<tr style=\"height: 24px;\">\n<td style=\"width: 50%; text-align: right; height: 24px;\"><strong>Horaire :<br \/>\n<\/strong><\/td>\n<td style=\"width: 50%; height: 24px;\"><strong>\u00a0Dimanche 14h00<br \/>\n<\/strong><\/td>\n<\/tr>\n<tr style=\"height: 24px;\">\n<td style=\"width: 50%; height: 24px; text-align: right;\"><strong>Lieu : <\/strong><\/td>\n<td style=\"width: 50%; height: 24px;\"><strong>\u00a012<\/strong><\/td>\n<\/tr>\n<tr style=\"height: 24px;\">\n<td style=\"width: 50%; height: 24px; text-align: right;\"><strong>Dur\u00e9e :<br \/>\n<\/strong><\/td>\n<td style=\"width: 50%; height: 24px;\"><strong>\u00a030 min<br \/>\n<\/strong><\/td>\n<\/tr>\n<\/tbody>\n<\/table>\n<p style=\"text-align: center;\"><a href=\"https:\/\/www3.poitiers-jeunes.com\/telechargements\/plan-expressifs-2023.jpg\">Lien vers le plan du festival.<\/a><\/p>\n","protected":false},"excerpt":{"rendered":"<p>Eine Brise &amp; Emballage Final Performance musicale Poitiers (86) Cr\u00e9ation 2023 Avez-vous d\u00e9j\u00e0 \u00e9cout\u00e9\u00a0? La musicalit\u00e9 d\u2019une brise\u00a0? Le son furtif d\u2019un souffle\u00a0? Une nu\u00e9e de bicyclettes pass\u00e9es devant vous\u00a0? [&hellip;]<\/p>\n","protected":false},"featured_media":229,"template":"","meta":[],"product_brand":[],"product_cat":[20,21],"product_tag":[25],"class_list":{"0":"post-164","1":"product","2":"type-product","3":"status-publish","4":"has-post-thumbnail","6":"product_cat-musique","7":"product_cat-theatre-performance","8":"product_tag-dimanche","10":"first","11":"instock","12":"shipping-taxable","13":"product-type-simple"},"_links":{"self":[{"href":"https:\/\/www3.poitiers-jeunes.com\/lesexpressifs2023\/wp-json\/wp\/v2\/product\/164","targetHints":{"allow":["GET"]}}],"collection":[{"href":"https:\/\/www3.poitiers-jeunes.com\/lesexpressifs2023\/wp-json\/wp\/v2\/product"}],"about":[{"href":"https:\/\/www3.poitiers-jeunes.com\/lesexpressifs2023\/wp-json\/wp\/v2\/types\/product"}],"wp:featuredmedia":[{"embeddable":true,"href":"https:\/\/www3.poitiers-jeunes.com\/lesexpressifs2023\/wp-json\/wp\/v2\/media\/229"}],"wp:attachment":[{"href":"https:\/\/www3.poitiers-jeunes.com\/lesexpressifs2023\/wp-json\/wp\/v2\/media?parent=164"}],"wp:term":[{"taxonomy":"product_brand","embeddable":true,"href":"https:\/\/www3.poitiers-jeunes.com\/lesexpressifs2023\/wp-json\/wp\/v2\/product_brand?post=164"},{"taxonomy":"product_cat","embeddable":true,"href":"https:\/\/www3.poitiers-jeunes.com\/lesexpressifs2023\/wp-json\/wp\/v2\/product_cat?post=164"},{"taxonomy":"product_tag","embeddable":true,"href":"https:\/\/www3.poitiers-jeunes.com\/lesexpressifs2023\/wp-json\/wp\/v2\/product_tag?post=164"}],"curies":[{"name":"wp","href":"https:\/\/api.w.org\/{rel}","templated":true}]}}