{"id":150,"date":"2023-09-04T14:23:11","date_gmt":"2023-09-04T12:23:11","guid":{"rendered":"https:\/\/www3.poitiers-jeunes.com\/lesexpressifs2023\/?post_type=product&#038;p=150"},"modified":"2023-09-19T14:40:48","modified_gmt":"2023-09-19T12:40:48","slug":"mike-starnight","status":"publish","type":"product","link":"https:\/\/www3.poitiers-jeunes.com\/lesexpressifs2023\/spectacle\/mike-starnight\/","title":{"rendered":"Mike Starnight"},"content":{"rendered":"<p><strong>THE ROCK MACHINE<\/strong><\/p>\n<p>Th\u00e9\u00e2tre et Rock&rsquo;n&rsquo;Roll<br \/>\nBordeaux<\/p>\n<p>Le Mythe<\/p>\n<p>Apr\u00e8s une carri\u00e8re de 15 ans marqu\u00e9e par les plus grands succ\u00e8s, Mike Starnight s&rsquo;est impos\u00e9 comme un des interpr\u00e8tes les plus talentueux et novateurs de la pop musique. Il a donn\u00e9 un nombre incalculable de concerts et a \u00e9coul\u00e9 plus de 14 millions d&rsquo;albums dans le monde entier.<\/p>\n<p>La R\u00e9alit\u00e9<\/p>\n<p>Apr\u00e8s plus de 15 jours d\u2019une carri\u00e8re marqu\u00e9e par l\u2019absence totale de succ\u00e8s, Mike Starnight s\u2019est impos\u00e9 comme un des personnages les plus inconnus de la musique populaire. Il a donn\u00e9 un nombre calculable de concerts (3) et a vendu plus de 14 albums dans le quartier (dont 2 au prix fort de 12 \u20ac \u00e0 des touristes flamands qu\u2019il ne connaissait m\u00eame pas).<\/p>\n<p>\u00c0 partir de 10 ans.<\/p>\n<p>&nbsp;<\/p>\n<p>Interview de Mike Starnight :<\/p>\n<p><iframe loading=\"lazy\" src=\"\/\/www.youtube.com\/embed\/_Z3mt746QsI\" width=\"560\" height=\"314\" allowfullscreen=\"allowfullscreen\"><\/iframe><\/p>\n<p>Reportage France 3 :<\/p>\n<p><iframe loading=\"lazy\" src=\"\/\/www.youtube.com\/embed\/sugIFPNQ080\" width=\"560\" height=\"314\" allowfullscreen=\"allowfullscreen\"><\/iframe><\/p>\n<p><strong>Production\u00a0: Art en Production\u00a0&#8211; <\/strong><strong>2-1082096<\/strong><\/p>\n<p>&nbsp;<\/p>\n<table style=\"border-collapse: collapse; width: 100%; height: 72px;\">\n<tbody>\n<tr style=\"height: 24px;\">\n<td style=\"width: 50%; text-align: right; height: 24px;\"><strong>Horaire :<br \/>\n<\/strong><\/td>\n<td style=\"width: 50%; height: 24px;\"><strong>\u00a0Dimanche 17h30<br \/>\n<\/strong><\/td>\n<\/tr>\n<tr style=\"height: 24px;\">\n<td style=\"width: 50%; height: 24px; text-align: right;\"><strong>Lieu : <\/strong><\/td>\n<td style=\"width: 50%; height: 24px;\"><strong>\u00a02<\/strong><\/td>\n<\/tr>\n<tr style=\"height: 24px;\">\n<td style=\"width: 50%; height: 24px; text-align: right;\"><strong>Dur\u00e9e :<br \/>\n<\/strong><\/td>\n<td style=\"width: 50%; height: 24px;\"><strong>\u00a01h00<br \/>\n<\/strong><\/td>\n<\/tr>\n<\/tbody>\n<\/table>\n<p style=\"text-align: center;\"><a href=\"https:\/\/www3.poitiers-jeunes.com\/telechargements\/plan-expressifs-2023.jpg\">Lien vers le plan du festival.<\/a><\/p>\n","protected":false},"excerpt":{"rendered":"<p>THE ROCK MACHINE Th\u00e9\u00e2tre et Rock&rsquo;n&rsquo;Roll Bordeaux Le Mythe Apr\u00e8s une carri\u00e8re de 15 ans marqu\u00e9e par les plus grands succ\u00e8s, Mike Starnight s&rsquo;est impos\u00e9 comme un des interpr\u00e8tes les [&hellip;]<\/p>\n","protected":false},"featured_media":151,"template":"","meta":[],"product_brand":[],"product_cat":[20,21],"product_tag":[25],"class_list":{"0":"post-150","1":"product","2":"type-product","3":"status-publish","4":"has-post-thumbnail","6":"product_cat-musique","7":"product_cat-theatre-performance","8":"product_tag-dimanche","10":"first","11":"instock","12":"shipping-taxable","13":"product-type-simple"},"_links":{"self":[{"href":"https:\/\/www3.poitiers-jeunes.com\/lesexpressifs2023\/wp-json\/wp\/v2\/product\/150","targetHints":{"allow":["GET"]}}],"collection":[{"href":"https:\/\/www3.poitiers-jeunes.com\/lesexpressifs2023\/wp-json\/wp\/v2\/product"}],"about":[{"href":"https:\/\/www3.poitiers-jeunes.com\/lesexpressifs2023\/wp-json\/wp\/v2\/types\/product"}],"wp:featuredmedia":[{"embeddable":true,"href":"https:\/\/www3.poitiers-jeunes.com\/lesexpressifs2023\/wp-json\/wp\/v2\/media\/151"}],"wp:attachment":[{"href":"https:\/\/www3.poitiers-jeunes.com\/lesexpressifs2023\/wp-json\/wp\/v2\/media?parent=150"}],"wp:term":[{"taxonomy":"product_brand","embeddable":true,"href":"https:\/\/www3.poitiers-jeunes.com\/lesexpressifs2023\/wp-json\/wp\/v2\/product_brand?post=150"},{"taxonomy":"product_cat","embeddable":true,"href":"https:\/\/www3.poitiers-jeunes.com\/lesexpressifs2023\/wp-json\/wp\/v2\/product_cat?post=150"},{"taxonomy":"product_tag","embeddable":true,"href":"https:\/\/www3.poitiers-jeunes.com\/lesexpressifs2023\/wp-json\/wp\/v2\/product_tag?post=150"}],"curies":[{"name":"wp","href":"https:\/\/api.w.org\/{rel}","templated":true}]}}

<p><strong>THE ROCK MACHINE</strong></p>
<p>Théâtre et Rock&rsquo;n&rsquo;Roll<br />
Bordeaux</p>
<p>Le Mythe</p>
<p>Après une carrière de 15 ans marquée par les plus grands succès, Mike Starnight s&rsquo;est imposé comme un des interprètes les plus talentueux et novateurs de la pop musique. Il a donné un nombre incalculable de concerts et a écoulé plus de 14 millions d&rsquo;albums dans le monde entier.</p>
<p>La Réalité</p>
<p>Après plus de 15 jours d’une carrière marquée par l’absence totale de succès, Mike Starnight s’est imposé comme un des personnages les plus inconnus de la musique populaire. Il a donné un nombre calculable de concerts (3) et a vendu plus de 14 albums dans le quartier (dont 2 au prix fort de 12 € à des touristes flamands qu’il ne connaissait même pas).</p>
<p>À partir de 10 ans.</p>
<p>&nbsp;</p>
<p>Interview de Mike Starnight :</p>
<p><iframe loading="lazy" src="//www.youtube.com/embed/_Z3mt746QsI" width="560" height="314" allowfullscreen="allowfullscreen"></iframe></p>
<p>Reportage France 3 :</p>
<p><iframe loading="lazy" src="//www.youtube.com/embed/sugIFPNQ080" width="560" height="314" allowfullscreen="allowfullscreen"></iframe></p>
<p><strong>Production : Art en Production &#8211; </strong><strong>2-1082096</strong></p>
<p>&nbsp;</p>
<table style="border-collapse: collapse; width: 100%; height: 72px;">
<tbody>
<tr style="height: 24px;">
<td style="width: 50%; text-align: right; height: 24px;"><strong>Horaire :<br />
</strong></td>
<td style="width: 50%; height: 24px;"><strong> Dimanche 17h30<br />
</strong></td>
</tr>
<tr style="height: 24px;">
<td style="width: 50%; height: 24px; text-align: right;"><strong>Lieu : </strong></td>
<td style="width: 50%; height: 24px;"><strong> 2</strong></td>
</tr>
<tr style="height: 24px;">
<td style="width: 50%; height: 24px; text-align: right;"><strong>Durée :<br />
</strong></td>
<td style="width: 50%; height: 24px;"><strong> 1h00<br />
</strong></td>
</tr>
</tbody>
</table>
<p style="text-align: center;"><a href="https://www3.poitiers-jeunes.com/telechargements/plan-expressifs-2023.jpg">Lien vers le plan du festival.</a></p>

<p>THE ROCK MACHINE Théâtre et Rock&rsquo;n&rsquo;Roll Bordeaux Le Mythe Après une carrière de 15 ans marquée par les plus grands succès, Mike Starnight s&rsquo;est imposé comme un des interprètes les [&hellip;]</p>
