{"id":136,"date":"2023-09-04T11:25:04","date_gmt":"2023-09-04T09:25:04","guid":{"rendered":"https:\/\/www3.poitiers-jeunes.com\/lesexpressifs2023\/?post_type=product&#038;p=136"},"modified":"2023-09-21T17:28:25","modified_gmt":"2023-09-21T15:28:25","slug":"la-patte-folle-zo-prod-cie-2","status":"publish","type":"product","link":"https:\/\/www3.poitiers-jeunes.com\/lesexpressifs2023\/spectacle\/la-patte-folle-zo-prod-cie-2\/","title":{"rendered":"La Patte Folle\/Zo Prod (Cie)"},"content":{"rendered":"<p><strong>Psychopompe<\/strong><\/p>\n<p>Spectacle de feu<br \/>\nPoitiers (86)<br \/>\nCr\u00e9ation 2023<\/p>\n<p>Lorsque le public arrive, il d\u00e9couvre une tombe. Peut-\u00eatre fera-t-il le lien avec les myst\u00e9rieux flyers crois\u00e9s dans la journ\u00e9e, expliquant que cette nuit, les astres sont sp\u00e9cialement propices \u00e0 des manipulations \u00e9sot\u00e9riques\u2026<\/p>\n<p>Quatre personnes entrent en sc\u00e8ne. Seraient-ce des personnages psychopompes, gardiens et guides des \u00e2mes d\u00e9funtes ? Ils vont tous ensemble dresser une f\u00eate des morts sp\u00e9cialement pour l\u2019\u00e2me d\u2019Enclume, squelette de m\u00e9tal, macchab\u00e9e d\u00e9funt ne trouvant pas le repos. Elle est tourment\u00e9e par le fait que le monde des vivants ne se souvient pas d\u2019elle. 7 pieds sous terre, son sommeil est agit\u00e9 et la vie ne semble pas vouloir la quitter pleinement.<\/p>\n<p>La musique et le rituel vont appeler Enclume \u00e0 remonter sur terre afin que son \u00e2me marque une derni\u00e8re fois les esprits de notre monde, et qu\u2019elle puisse enfin se reposer en paix, d\u00e9lest\u00e9e de ses tourments et de ses attaches dans le monde des vivants.<\/p>\n<p>&nbsp;<\/p>\n<p><a href=\"https:\/\/cielapattefolle.wixsite.com\/home\">https:\/\/cielapattefolle.wixsite.com\/home<\/a><\/p>\n<p>&nbsp;<\/p>\n<p><iframe loading=\"lazy\" src=\"\/\/www.youtube.com\/embed\/IZrmsuwg9Ro\" width=\"560\" height=\"314\" allowfullscreen=\"allowfullscreen\"><\/iframe><\/p>\n<p>&nbsp;<\/p>\n<table style=\"border-collapse: collapse; width: 100%; height: 72px;\">\n<tbody>\n<tr style=\"height: 24px;\">\n<td style=\"width: 50%; text-align: right; height: 24px;\"><strong>Horaire :<br \/>\n<\/strong><\/td>\n<td style=\"width: 50%; height: 24px;\"><strong>\u00a0Vendredi 22h00<br \/>\n<\/strong><\/td>\n<\/tr>\n<tr style=\"height: 24px;\">\n<td style=\"width: 50%; height: 24px; text-align: right;\"><strong>Lieu : <\/strong><\/td>\n<td style=\"width: 50%; height: 24px;\"><strong>\u00a05<\/strong><\/td>\n<\/tr>\n<tr style=\"height: 24px;\">\n<td style=\"width: 50%; height: 24px; text-align: right;\"><strong>Dur\u00e9e :<br \/>\n<\/strong><\/td>\n<td style=\"width: 50%; height: 24px;\"><strong>\u00a030 min<br \/>\n<\/strong><\/td>\n<\/tr>\n<\/tbody>\n<\/table>\n<p style=\"text-align: center;\"><a href=\"https:\/\/www3.poitiers-jeunes.com\/telechargements\/plan-expressifs-2023.jpg\">Lien vers le plan du festival.<\/a><\/p>\n","protected":false},"excerpt":{"rendered":"<p>Psychopompe Spectacle de feu Poitiers (86) Cr\u00e9ation 2023 Lorsque le public arrive, il d\u00e9couvre une tombe. Peut-\u00eatre fera-t-il le lien avec les myst\u00e9rieux flyers crois\u00e9s dans la journ\u00e9e, expliquant que [&hellip;]<\/p>\n","protected":false},"featured_media":137,"template":"","meta":[],"product_brand":[],"product_cat":[15,21],"product_tag":[26],"class_list":{"0":"post-136","1":"product","2":"type-product","3":"status-publish","4":"has-post-thumbnail","6":"product_cat-non-classe","7":"product_cat-theatre-performance","8":"product_tag-vendredi","10":"first","11":"instock","12":"shipping-taxable","13":"product-type-simple"},"_links":{"self":[{"href":"https:\/\/www3.poitiers-jeunes.com\/lesexpressifs2023\/wp-json\/wp\/v2\/product\/136","targetHints":{"allow":["GET"]}}],"collection":[{"href":"https:\/\/www3.poitiers-jeunes.com\/lesexpressifs2023\/wp-json\/wp\/v2\/product"}],"about":[{"href":"https:\/\/www3.poitiers-jeunes.com\/lesexpressifs2023\/wp-json\/wp\/v2\/types\/product"}],"wp:featuredmedia":[{"embeddable":true,"href":"https:\/\/www3.poitiers-jeunes.com\/lesexpressifs2023\/wp-json\/wp\/v2\/media\/137"}],"wp:attachment":[{"href":"https:\/\/www3.poitiers-jeunes.com\/lesexpressifs2023\/wp-json\/wp\/v2\/media?parent=136"}],"wp:term":[{"taxonomy":"product_brand","embeddable":true,"href":"https:\/\/www3.poitiers-jeunes.com\/lesexpressifs2023\/wp-json\/wp\/v2\/product_brand?post=136"},{"taxonomy":"product_cat","embeddable":true,"href":"https:\/\/www3.poitiers-jeunes.com\/lesexpressifs2023\/wp-json\/wp\/v2\/product_cat?post=136"},{"taxonomy":"product_tag","embeddable":true,"href":"https:\/\/www3.poitiers-jeunes.com\/lesexpressifs2023\/wp-json\/wp\/v2\/product_tag?post=136"}],"curies":[{"name":"wp","href":"https:\/\/api.w.org\/{rel}","templated":true}]}}