{"id":124,"date":"2023-09-04T10:15:56","date_gmt":"2023-09-04T08:15:56","guid":{"rendered":"https:\/\/www3.poitiers-jeunes.com\/lesexpressifs2023\/?post_type=product&#038;p=124"},"modified":"2023-09-13T12:00:03","modified_gmt":"2023-09-13T10:00:03","slug":"la-coloc-drag","status":"publish","type":"product","link":"https:\/\/www3.poitiers-jeunes.com\/lesexpressifs2023\/spectacle\/la-coloc-drag\/","title":{"rendered":"La coloc Drag"},"content":{"rendered":"<p><strong>Queer &#8211; Un voyage transcendant<\/strong><\/p>\n<p>Performance drag<br \/>\nPoitiers (86)<br \/>\nCr\u00e9ation 2023<\/p>\n<p>\u00ab\u00a0iel\u00a0\u00bb \u00e9tait une fois, une voix stellaire, cette voix c&rsquo;est la mienne. C&rsquo;est celle qui vous embarque dans une \u00e9pop\u00e9e cosmique. Cette \u00e9pop\u00e9e, c&rsquo;est la leur. Dans les ann\u00e9es 81&rsquo;s, des identit\u00e9s n\u00e9buleuses vont se croiser, s&rsquo;apprendre et s&rsquo;entre-d\u00e9couvrir dans un voyage transcendant. Un show drag \u00e9poustouflant \u00e0 partir de 12 ans.<\/p>\n<p><a href=\"https:\/\/www.instagram.com\/la.coloc.drag\/\">https:\/\/www.instagram.com\/la.coloc.drag\/<\/a><\/p>\n<p>&nbsp;<\/p>\n<p><strong>Accessible aux personnes sourdes et malentendantes.<\/strong><\/p>\n<p>&nbsp;<\/p>\n<p style=\"text-align: center;\"><strong>250 PERSONNES MAXIMUM<\/strong><\/p>\n<table style=\"border-collapse: collapse; width: 100%; height: 72px;\">\n<tbody>\n<tr style=\"height: 24px;\">\n<td style=\"width: 50%; text-align: right; height: 24px;\"><strong>Horaire :<br \/>\n<\/strong><\/td>\n<td style=\"width: 50%; height: 24px;\"><strong>\u00a0Samedi 20h30<br \/>\n<\/strong><\/td>\n<\/tr>\n<tr style=\"height: 24px;\">\n<td style=\"width: 50%; height: 24px; text-align: right;\"><strong>Lieu : <\/strong><\/td>\n<td style=\"width: 50%; height: 24px;\"><strong>\u00a01<\/strong><\/td>\n<\/tr>\n<tr style=\"height: 24px;\">\n<td style=\"width: 50%; height: 24px; text-align: right;\"><strong>Dur\u00e9e :<br \/>\n<\/strong><\/td>\n<td style=\"width: 50%; height: 24px;\"><strong>\u00a01h00<\/strong><\/td>\n<\/tr>\n<\/tbody>\n<\/table>\n<p style=\"text-align: center;\"><a href=\"https:\/\/www3.poitiers-jeunes.com\/telechargements\/plan-expressifs-2023.jpg\">Lien vers le plan du festival.<\/a><\/p>\n","protected":false},"excerpt":{"rendered":"<p>Queer &#8211; Un voyage transcendant Performance drag Poitiers (86) Cr\u00e9ation 2023 \u00ab\u00a0iel\u00a0\u00bb \u00e9tait une fois, une voix stellaire, cette voix c&rsquo;est la mienne. C&rsquo;est celle qui vous embarque dans une [&hellip;]<\/p>\n","protected":false},"featured_media":125,"template":"","meta":[],"product_brand":[],"product_cat":[22,21],"product_tag":[24],"class_list":{"0":"post-124","1":"product","2":"type-product","3":"status-publish","4":"has-post-thumbnail","6":"product_cat-accessible-aux-personnes-sourdes-et-malentendantes","7":"product_cat-theatre-performance","8":"product_tag-samedi","10":"first","11":"instock","12":"shipping-taxable","13":"product-type-simple"},"_links":{"self":[{"href":"https:\/\/www3.poitiers-jeunes.com\/lesexpressifs2023\/wp-json\/wp\/v2\/product\/124","targetHints":{"allow":["GET"]}}],"collection":[{"href":"https:\/\/www3.poitiers-jeunes.com\/lesexpressifs2023\/wp-json\/wp\/v2\/product"}],"about":[{"href":"https:\/\/www3.poitiers-jeunes.com\/lesexpressifs2023\/wp-json\/wp\/v2\/types\/product"}],"wp:featuredmedia":[{"embeddable":true,"href":"https:\/\/www3.poitiers-jeunes.com\/lesexpressifs2023\/wp-json\/wp\/v2\/media\/125"}],"wp:attachment":[{"href":"https:\/\/www3.poitiers-jeunes.com\/lesexpressifs2023\/wp-json\/wp\/v2\/media?parent=124"}],"wp:term":[{"taxonomy":"product_brand","embeddable":true,"href":"https:\/\/www3.poitiers-jeunes.com\/lesexpressifs2023\/wp-json\/wp\/v2\/product_brand?post=124"},{"taxonomy":"product_cat","embeddable":true,"href":"https:\/\/www3.poitiers-jeunes.com\/lesexpressifs2023\/wp-json\/wp\/v2\/product_cat?post=124"},{"taxonomy":"product_tag","embeddable":true,"href":"https:\/\/www3.poitiers-jeunes.com\/lesexpressifs2023\/wp-json\/wp\/v2\/product_tag?post=124"}],"curies":[{"name":"wp","href":"https:\/\/api.w.org\/{rel}","templated":true}]}}