{"id":121,"date":"2023-09-04T10:03:50","date_gmt":"2023-09-04T08:03:50","guid":{"rendered":"https:\/\/www3.poitiers-jeunes.com\/lesexpressifs2023\/?post_type=product&#038;p=121"},"modified":"2023-09-13T11:59:29","modified_gmt":"2023-09-13T09:59:29","slug":"jour-de-fete-cie","status":"publish","type":"product","link":"https:\/\/www3.poitiers-jeunes.com\/lesexpressifs2023\/spectacle\/jour-de-fete-cie\/","title":{"rendered":"Jour de f\u00eate (Cie)"},"content":{"rendered":"<p><strong>Le message \u2013 Une marche \u00e0 l\u2019amour<\/strong><\/p>\n<p>Th\u00e9\u00e2tre<br \/>\nBoucau (64)<br \/>\nCr\u00e9ation 2023<\/p>\n<p>\u00c7a pourrait \u00eatre Beyrouth, le Kosovo ou Marioupol. C\u2019est le chaos. Pourtant, au milieu de ce chaos, Marie a le cran de penser \u00e0 l\u2019Amour. La preuve : sous les salves des balles et des obus, elle va rejoindre celui qu\u2019elle aime. Mais Marie a \u00e0 peine quitt\u00e9 chez elle, qu&rsquo;elle se prend une balle entre les omoplates.\u00a0 Fatalement bless\u00e9e, Marie ralentit le pas, tombe, se rel\u00e8ve, retombe, crapahute, rampe, se rel\u00e8ve encore, finit par s\u2019\u00e9crouler. Mais le miracle se produit : plus elle faiblit, plus son amour s\u2019insurge, bombe le torse, la remplit, plus que jamais. Son amour est vrai. La seule chose vraie. Elle aime. Voil\u00e0 le message qu\u2019elle veut livrer au monde mais surtout \u00e0 celui qui l\u2019attend.<\/p>\n<p>Conception et adaptation : Jour de F\u00eate Compagnie<\/p>\n<p>Mise en rue : Ludo ESTEBETEGUY<\/p>\n<p>Librement inspir\u00e9 du roman \u201cLe message\u201d d\u2019Andr\u00e9e Chedid \u00e9dit\u00e9 chez Flammarion.<\/p>\n<p>Avec : Anne DE BROCA, Cl\u00e9ment BROUCKE, Fr\u00e9d\u00e9ric CUIF, Francisco DUSSOURD, Camille FLORIOT, Shanee KR\u00f6N, Maddalena LUZZI, Charlotte MAING\u00c9, Nicolas MARSAN, Jordan TISNER.<\/p>\n<p>Sc\u00e9nographie\/Costumes\u00a0: Francisco DUSSOURD<\/p>\n<p>Collaborations dramaturgiques : St\u00e9phanie RUFFIER et Etienne DAMIEN.<\/p>\n<p>Conseils chor\u00e9graphiques : Sabaline FOURNIER<\/p>\n<p>Cr\u00e9ation musicale : Camille FLORIOT, Maddalena LUZZI, Jordan TISNER.<\/p>\n<p>R\u00e9gie \/ Production : Alaia BERHONDE<\/p>\n<p>Construction : Nox SAUVAGE.<\/p>\n<p>Technicienne plateau : Jade DUCALME.<\/p>\n<p>Cr\u00e9ation graffitis : UPDATERS ASSOCIATION.<\/p>\n<p>Maquillages : Vanessa DUHOURCAU.<\/p>\n<p>Administration :\u00a0 Nanihi PEU et Alaia BERHONDE.<\/p>\n<p>Production &#8211; Diffusion : Charlotte MAING\u00c9 et Laurent MARIE JOSEPH. Cuisinier : Julien CHEVILLON.<\/p>\n<p>Photos : Luc M\u00c9DRINAL, MATHIEU VOULEZAND, HELENE FARGUES.<\/p>\n<p>Teasers : Youri FERNANDEZ, Alex HEITLER, Fran\u00e7ois MOURASSE.<\/p>\n<p>&nbsp;<\/p>\n<p>Coproductions et soutiens : Sc\u00e8ne nationale du Sud Aquitain, Communaut\u00e9 d\u2019Agglom\u00e9ration Pays Basque \u2013 Hameka, CNAREP sur le Pont \u2013 La Rochelle, OARA- Office artistique de la r\u00e9gion Nouvelle-Aquitaine, CNAREP Lieux publics Marseille\u00a0 &amp; P\u00f4le europ\u00e9en de production, dans le cadre du programme \u201c\u1f41\u03b4\u03cc\u03c2 \u2013 les chemins\u201d &#8211; La Centrifugeuse \u2013 Service culturel de l\u2019UPPA, La Pal\u00e8ne \u2013 Rouillac, DRAC, DGCA, ADAMI, La ville de Boucau,\u00a0 le Th\u00e9\u00e2tre des chim\u00e8res, La transverse-Metalovoice, Centre Intermondes-La Rochelle,\u00a0 Fonds d\u2019insertion de L\u2019Estba financ\u00e9 par la R\u00e9gion Nouvelle-Aquitaine. Avec le soutien de la DGCA et de la SACD-\u00c9crire pour la rue. Avec le soutien du dispositif \u201cS\u2019ouvrir sur le monde\u201d du Conseil R\u00e9gional Nouvelle- Aquitaine de l\u2019Institut Fran\u00e7ais et Sarmada art theater au Liban.<\/p>\n<p>Jour de F\u00eate Cie est subventionn\u00e9e par le Conseil R\u00e9gional de Nouvelle-Aquitaine et la ville de Boucau, conventionn\u00e9e par le Conseil D\u00e9partemental Pyr\u00e9n\u00e9es-Atlantiques et soutenue par France Active Aquitaine et accompagn\u00e9e en diffusion par l\u2019OARA et l\u2019Institut Culturel Basque.<\/p>\n<p>Jour de F\u00eate Cie est agr\u00e9\u00e9e partenaire culturel de l&rsquo;Education Nationale.<\/p>\n<p>Jour de F\u00eate Compagnie est une troupe de th\u00e9\u00e2tre implant\u00e9e \u00e0 Boucau (64), elle r\u00e9unit des artistes autour de projets artistiques cr\u00e9\u00e9s dans et pour l\u2019espace public. Outre les spectacles et la formation qu\u2019elle dispense, la troupe s\u2019engage depuis sa cr\u00e9ation dans des projets de territoire avec les habitant-es favorisant le lien social, l\u2019accessibilit\u00e9 de l\u2019acte artistique et la r\u00e9appropriation par tous de l&rsquo;espace public.<\/p>\n<p>En cor\u00e9alisation avec<\/p>\n<p><a href=\"https:\/\/oara.fr\/\"><img loading=\"lazy\" decoding=\"async\" class=\"wp-image-122 alignleft\" src=\"http:\/\/www3.poitiers-jeunes.com\/lesexpressifs2023\/files\/2023\/09\/OARA_NB-01-1-1024x569.png\" alt=\"\" width=\"159\" height=\"88\" srcset=\"https:\/\/www3.poitiers-jeunes.com\/lesexpressifs2023\/files\/2023\/09\/OARA_NB-01-1-1024x569.png 1024w, https:\/\/www3.poitiers-jeunes.com\/lesexpressifs2023\/files\/2023\/09\/OARA_NB-01-1-300x167.png 300w, https:\/\/www3.poitiers-jeunes.com\/lesexpressifs2023\/files\/2023\/09\/OARA_NB-01-1-768x427.png 768w, https:\/\/www3.poitiers-jeunes.com\/lesexpressifs2023\/files\/2023\/09\/OARA_NB-01-1-1536x854.png 1536w, https:\/\/www3.poitiers-jeunes.com\/lesexpressifs2023\/files\/2023\/09\/OARA_NB-01-1-2048x1139.png 2048w, https:\/\/www3.poitiers-jeunes.com\/lesexpressifs2023\/files\/2023\/09\/OARA_NB-01-1-600x334.png 600w, https:\/\/www3.poitiers-jeunes.com\/lesexpressifs2023\/files\/2023\/09\/OARA_NB-01-1-209x116.png 209w\" sizes=\"auto, (max-width: 159px) 100vw, 159px\" \/><\/a><\/p>\n<p>&nbsp;<\/p>\n<p>&nbsp;<\/p>\n<p>&nbsp;<\/p>\n<p><a href=\"http:\/\/www.jour-de-fete-cie.fr\">www.jour-de-fete-cie.fr<\/a><\/p>\n<p><a href=\"http:\/\/www.facebook.com\/jourdefete.cie\">www.facebook.com\/jourdefete.cie<\/a><\/p>\n<p><a href=\"https:\/\/www.instagram.com\/jourdefetecompagnie\">https:\/\/www.instagram.com\/jourdefetecompagnie<\/a><\/p>\n<p>&nbsp;<\/p>\n<p><a href=\"https:\/\/youtu.be\/8wp_O6zgC4I?feature=shared\"><iframe loading=\"lazy\" src=\"\/\/www.youtube.com\/embed\/8wp_O6zgC4I?feature=shared\" width=\"560\" height=\"314\" allowfullscreen=\"allowfullscreen\"><\/iframe><\/a><\/p>\n<p>&nbsp;<\/p>\n<p style=\"text-align: center;\"><strong>200 PERSONNES MAXIMUM<\/strong><\/p>\n<table style=\"border-collapse: collapse; width: 100%; height: 72px;\">\n<tbody>\n<tr style=\"height: 24px;\">\n<td style=\"width: 50%; text-align: right; height: 24px;\"><strong>Horaire :<br \/>\n<\/strong><\/td>\n<td style=\"width: 50%; height: 24px;\"><strong>\u00a0Samedi et Dimanche 14h30<br \/>\n<\/strong><\/td>\n<\/tr>\n<tr style=\"height: 24px;\">\n<td style=\"width: 50%; height: 24px; text-align: right;\"><strong>Lieu : <\/strong><\/td>\n<td style=\"width: 50%; height: 24px;\"><strong>\u00a010<\/strong><\/td>\n<\/tr>\n<tr style=\"height: 24px;\">\n<td style=\"width: 50%; height: 24px; text-align: right;\"><strong>Dur\u00e9e :<br \/>\n<\/strong><\/td>\n<td style=\"width: 50%; height: 24px;\"><strong>\u00a01h30<\/strong><\/td>\n<\/tr>\n<\/tbody>\n<\/table>\n<p style=\"text-align: center;\"><a href=\"https:\/\/www3.poitiers-jeunes.com\/telechargements\/plan-expressifs-2023.jpg\">Lien vers le plan du festival.<\/a><\/p>\n","protected":false},"excerpt":{"rendered":"<p>Le message \u2013 Une marche \u00e0 l\u2019amour Th\u00e9\u00e2tre Boucau (64) Cr\u00e9ation 2023 \u00c7a pourrait \u00eatre Beyrouth, le Kosovo ou Marioupol. C\u2019est le chaos. Pourtant, au milieu de ce chaos, Marie [&hellip;]<\/p>\n","protected":false},"featured_media":123,"template":"","meta":[],"product_brand":[],"product_cat":[21],"product_tag":[25,24],"class_list":{"0":"post-121","1":"product","2":"type-product","3":"status-publish","4":"has-post-thumbnail","6":"product_cat-theatre-performance","7":"product_tag-dimanche","8":"product_tag-samedi","10":"first","11":"instock","12":"shipping-taxable","13":"product-type-simple"},"_links":{"self":[{"href":"https:\/\/www3.poitiers-jeunes.com\/lesexpressifs2023\/wp-json\/wp\/v2\/product\/121","targetHints":{"allow":["GET"]}}],"collection":[{"href":"https:\/\/www3.poitiers-jeunes.com\/lesexpressifs2023\/wp-json\/wp\/v2\/product"}],"about":[{"href":"https:\/\/www3.poitiers-jeunes.com\/lesexpressifs2023\/wp-json\/wp\/v2\/types\/product"}],"wp:featuredmedia":[{"embeddable":true,"href":"https:\/\/www3.poitiers-jeunes.com\/lesexpressifs2023\/wp-json\/wp\/v2\/media\/123"}],"wp:attachment":[{"href":"https:\/\/www3.poitiers-jeunes.com\/lesexpressifs2023\/wp-json\/wp\/v2\/media?parent=121"}],"wp:term":[{"taxonomy":"product_brand","embeddable":true,"href":"https:\/\/www3.poitiers-jeunes.com\/lesexpressifs2023\/wp-json\/wp\/v2\/product_brand?post=121"},{"taxonomy":"product_cat","embeddable":true,"href":"https:\/\/www3.poitiers-jeunes.com\/lesexpressifs2023\/wp-json\/wp\/v2\/product_cat?post=121"},{"taxonomy":"product_tag","embeddable":true,"href":"https:\/\/www3.poitiers-jeunes.com\/lesexpressifs2023\/wp-json\/wp\/v2\/product_tag?post=121"}],"curies":[{"name":"wp","href":"https:\/\/api.w.org\/{rel}","templated":true}]}}