{"id":101,"date":"2023-09-01T15:39:28","date_gmt":"2023-09-01T13:39:28","guid":{"rendered":"https:\/\/www3.poitiers-jeunes.com\/lesexpressifs2023\/?post_type=product&#038;p=101"},"modified":"2023-09-14T10:35:43","modified_gmt":"2023-09-14T08:35:43","slug":"break-it-down","status":"publish","type":"product","link":"https:\/\/www3.poitiers-jeunes.com\/lesexpressifs2023\/spectacle\/break-it-down\/","title":{"rendered":"13 Crew"},"content":{"rendered":"<p><strong>Break it down<\/strong><\/p>\n<p>Danse hip-hop<br \/>\nBiard (86)<\/p>\n<p>13 jeunes danseur-ses issu-es de formations contemporaine, jazz ou hip hop d\u00e9composent le mouvement, le corps. L&rsquo;existence de soi au sein d&rsquo;un groupe. O\u00f9 est ma place dans cette fourmili\u00e8re ? En passant par des sonorit\u00e9s hip hop mais aussi baroques, le Thirteen Crew d\u00e9montre que le vivre ensemble est possible.<\/p>\n<p>&nbsp;<\/p>\n<p><strong>Accessible aux personnes sourdes et malentendantes.<\/strong><\/p>\n<p>&nbsp;<\/p>\n<table style=\"border-collapse: collapse; width: 100%; height: 72px;\">\n<tbody>\n<tr style=\"height: 24px;\">\n<td style=\"width: 50%; text-align: right; height: 24px;\"><strong>Horaire :<br \/>\n<\/strong><\/td>\n<td style=\"width: 50%; height: 24px;\"><strong>\u00a0Dimanche 14h15<br \/>\n<\/strong><\/td>\n<\/tr>\n<tr style=\"height: 24px;\">\n<td style=\"width: 50%; height: 24px; text-align: right;\"><strong>Lieu : <\/strong><\/td>\n<td style=\"width: 50%; height: 24px;\"><strong>\u00a02<\/strong><\/td>\n<\/tr>\n<tr style=\"height: 24px;\">\n<td style=\"width: 50%; height: 24px; text-align: right;\"><strong>Dur\u00e9e :<br \/>\n<\/strong><\/td>\n<td style=\"width: 50%; height: 24px;\"><strong>\u00a015 min<br \/>\n<\/strong><\/td>\n<\/tr>\n<\/tbody>\n<\/table>\n<p style=\"text-align: center;\"><a href=\"https:\/\/www3.poitiers-jeunes.com\/telechargements\/plan-expressifs-2023.jpg\">Lien vers le plan du festival.<\/a><\/p>\n","protected":false},"excerpt":{"rendered":"<p>Break it down Danse hip-hop Biard (86) 13 jeunes danseur-ses issu-es de formations contemporaine, jazz ou hip hop d\u00e9composent le mouvement, le corps. L&rsquo;existence de soi au sein d&rsquo;un groupe. [&hellip;]<\/p>\n","protected":false},"featured_media":191,"template":"","meta":[],"product_brand":[],"product_cat":[22,19],"product_tag":[25],"class_list":{"0":"post-101","1":"product","2":"type-product","3":"status-publish","4":"has-post-thumbnail","6":"product_cat-accessible-aux-personnes-sourdes-et-malentendantes","7":"product_cat-danse","8":"product_tag-dimanche","10":"first","11":"instock","12":"shipping-taxable","13":"product-type-simple"},"_links":{"self":[{"href":"https:\/\/www3.poitiers-jeunes.com\/lesexpressifs2023\/wp-json\/wp\/v2\/product\/101","targetHints":{"allow":["GET"]}}],"collection":[{"href":"https:\/\/www3.poitiers-jeunes.com\/lesexpressifs2023\/wp-json\/wp\/v2\/product"}],"about":[{"href":"https:\/\/www3.poitiers-jeunes.com\/lesexpressifs2023\/wp-json\/wp\/v2\/types\/product"}],"wp:featuredmedia":[{"embeddable":true,"href":"https:\/\/www3.poitiers-jeunes.com\/lesexpressifs2023\/wp-json\/wp\/v2\/media\/191"}],"wp:attachment":[{"href":"https:\/\/www3.poitiers-jeunes.com\/lesexpressifs2023\/wp-json\/wp\/v2\/media?parent=101"}],"wp:term":[{"taxonomy":"product_brand","embeddable":true,"href":"https:\/\/www3.poitiers-jeunes.com\/lesexpressifs2023\/wp-json\/wp\/v2\/product_brand?post=101"},{"taxonomy":"product_cat","embeddable":true,"href":"https:\/\/www3.poitiers-jeunes.com\/lesexpressifs2023\/wp-json\/wp\/v2\/product_cat?post=101"},{"taxonomy":"product_tag","embeddable":true,"href":"https:\/\/www3.poitiers-jeunes.com\/lesexpressifs2023\/wp-json\/wp\/v2\/product_tag?post=101"}],"curies":[{"name":"wp","href":"https:\/\/api.w.org\/{rel}","templated":true}]}}

<p><strong>Break it down</strong></p>
<p>Danse hip-hop<br />
Biard (86)</p>
<p>13 jeunes danseur-ses issu-es de formations contemporaine, jazz ou hip hop décomposent le mouvement, le corps. L&rsquo;existence de soi au sein d&rsquo;un groupe. Où est ma place dans cette fourmilière ? En passant par des sonorités hip hop mais aussi baroques, le Thirteen Crew démontre que le vivre ensemble est possible.</p>
<p>&nbsp;</p>
<p><strong>Accessible aux personnes sourdes et malentendantes.</strong></p>
<p>&nbsp;</p>
<table style="border-collapse: collapse; width: 100%; height: 72px;">
<tbody>
<tr style="height: 24px;">
<td style="width: 50%; text-align: right; height: 24px;"><strong>Horaire :<br />
</strong></td>
<td style="width: 50%; height: 24px;"><strong> Dimanche 14h15<br />
</strong></td>
</tr>
<tr style="height: 24px;">
<td style="width: 50%; height: 24px; text-align: right;"><strong>Lieu : </strong></td>
<td style="width: 50%; height: 24px;"><strong> 2</strong></td>
</tr>
<tr style="height: 24px;">
<td style="width: 50%; height: 24px; text-align: right;"><strong>Durée :<br />
</strong></td>
<td style="width: 50%; height: 24px;"><strong> 15 min<br />
</strong></td>
</tr>
</tbody>
</table>
<p style="text-align: center;"><a href="https://www3.poitiers-jeunes.com/telechargements/plan-expressifs-2023.jpg">Lien vers le plan du festival.</a></p>

<p>Break it down Danse hip-hop Biard (86) 13 jeunes danseur-ses issu-es de formations contemporaine, jazz ou hip hop décomposent le mouvement, le corps. L&rsquo;existence de soi au sein d&rsquo;un groupe. [&hellip;]</p>
