{"id":95,"date":"2022-09-05T10:43:55","date_gmt":"2022-09-05T08:43:55","guid":{"rendered":"https:\/\/www3.poitiers-jeunes.com\/lesexpressifs2022\/?post_type=product&#038;p=95"},"modified":"2022-09-08T14:28:00","modified_gmt":"2022-09-08T12:28:00","slug":"arlette-moreau-cie","status":"publish","type":"product","link":"https:\/\/www3.poitiers-jeunes.com\/lesexpressifs2022\/spectacle\/arlette-moreau-cie\/","title":{"rendered":"Arlette Moreau (Cie)"},"content":{"rendered":"<h2>Desopressor 3000<\/h2>\n<p>Th\u00e9\u00e2tre de rue<\/p>\n<p>Poitiers (86)<br \/>\ncr\u00e9ation 2022<\/p>\n<p>La famille Moreau t\u2019invite \u00e0 tester sa nouvelle attraction\u00a0: Le Desopressor 3000 !<\/p>\n<p>&nbsp;<\/p>\n<p>Tu vois ce moment o\u00f9 tu rentres chez toi, en te refaisant 25 fois la discussion que t\u2019aurais pu avoir avec cette personne qui \u00e9tait ultra misogyne et qui t\u2019a vraiment \u00e9nerv\u00e9-e mais \u00e0 qui t\u2019as pas pu dire tout ce que t\u2019avais sur le c\u0153ur ?<\/p>\n<p>Ou ce moment, l\u00e0, o\u00f9 tu te retrouves face \u00e0 du harc\u00e8lement ou une agression sexuelle dans la rue ou ailleurs et que tu peux rien faire, parce que tu sais pas quoi faire tout simplement, ou que tu as peur et que tu reviens d\u00e9go\u00fbt\u00e9-e chez toi ?<\/p>\n<p>&nbsp;<\/p>\n<p>Eh ben, tout \u00e7a, c\u2019est fini ! Gr\u00e2ce au Desopressor 3000 : ce stand immanquable qui te propose de remuer tes neurones tout en passant \u00e0 l\u2019action !<\/p>\n<p>&nbsp;<\/p>\n<p>Gr\u00e2ce \u00e0 un subtil m\u00e9lange de com\u00e9die, d\u2019animation subtile et de blagues, les Moreau t\u2019emm\u00e8neront loin, tr\u00e8s loin.<\/p>\n<p>C\u2019est enfin le moment pour toi de venir r\u00e9v\u00e9ler tes super-pouvoirs face \u00e0 l\u2019oppression.<\/p>\n<p>Alors viens ! Chui s\u00fbr que t\u2019es capab\u2019 !<\/p>\n<p>&nbsp;<\/p>\n<p>Et en plus, y a des cadeaux \u00e0 gagner !<\/p>\n<p>&nbsp;<\/p>\n<p style=\"text-align: center;\"><strong>A retrouver Samedi au hasard des rue du centre ville<\/strong><\/p>\n","protected":false},"excerpt":{"rendered":"<p>Desopressor 3000 Th\u00e9\u00e2tre de rue Poitiers (86) cr\u00e9ation 2022 La famille Moreau t\u2019invite \u00e0 tester sa nouvelle attraction\u00a0: Le Desopressor 3000 ! &nbsp; Tu vois ce moment o\u00f9 tu rentres [&hellip;]<\/p>\n","protected":false},"featured_media":96,"template":"","meta":[],"product_brand":[],"product_cat":[18],"product_tag":[23],"class_list":{"0":"post-95","1":"product","2":"type-product","3":"status-publish","4":"has-post-thumbnail","6":"product_cat-theatre","7":"product_tag-samedi","9":"first","10":"instock","11":"shipping-taxable","12":"product-type-simple"},"_links":{"self":[{"href":"https:\/\/www3.poitiers-jeunes.com\/lesexpressifs2022\/wp-json\/wp\/v2\/product\/95","targetHints":{"allow":["GET"]}}],"collection":[{"href":"https:\/\/www3.poitiers-jeunes.com\/lesexpressifs2022\/wp-json\/wp\/v2\/product"}],"about":[{"href":"https:\/\/www3.poitiers-jeunes.com\/lesexpressifs2022\/wp-json\/wp\/v2\/types\/product"}],"wp:featuredmedia":[{"embeddable":true,"href":"https:\/\/www3.poitiers-jeunes.com\/lesexpressifs2022\/wp-json\/wp\/v2\/media\/96"}],"wp:attachment":[{"href":"https:\/\/www3.poitiers-jeunes.com\/lesexpressifs2022\/wp-json\/wp\/v2\/media?parent=95"}],"wp:term":[{"taxonomy":"product_brand","embeddable":true,"href":"https:\/\/www3.poitiers-jeunes.com\/lesexpressifs2022\/wp-json\/wp\/v2\/product_brand?post=95"},{"taxonomy":"product_cat","embeddable":true,"href":"https:\/\/www3.poitiers-jeunes.com\/lesexpressifs2022\/wp-json\/wp\/v2\/product_cat?post=95"},{"taxonomy":"product_tag","embeddable":true,"href":"https:\/\/www3.poitiers-jeunes.com\/lesexpressifs2022\/wp-json\/wp\/v2\/product_tag?post=95"}],"curies":[{"name":"wp","href":"https:\/\/api.w.org\/{rel}","templated":true}]}}