{"id":193,"date":"2022-09-06T09:35:57","date_gmt":"2022-09-06T07:35:57","guid":{"rendered":"https:\/\/www3.poitiers-jeunes.com\/lesexpressifs2022\/?post_type=product&#038;p=193"},"modified":"2022-09-08T14:34:36","modified_gmt":"2022-09-08T12:34:36","slug":"turbo-dancing","status":"publish","type":"product","link":"https:\/\/www3.poitiers-jeunes.com\/lesexpressifs2022\/spectacle\/turbo-dancing\/","title":{"rendered":"Turbo Dancing"},"content":{"rendered":"<p><strong>supervis\u00e9 par les Fedem<\/strong><\/p>\n<p>La radio du festival<\/p>\n<p>La Grave (05)<\/p>\n<p>\u00e0 retrouver en direct sur les ondes de radio Pulsar 95.9 FM du jeudi \u00e0 samedi.<\/p>\n<p>&nbsp;<\/p>\n<p>Apr\u00e8s un passage remarqu\u00e9 sur la derni\u00e8re \u00e9dition du festival avec sa station de radio mobile qui se transformait en boite de nuit \u00e0 ciel ouvert place du march\u00e9, l&rsquo;\u00e9quipe de TURBODANCING est de retour cette ann\u00e9e pour le plus grand plaisir de nos zygomatiques\u00a0!<\/p>\n<p>&nbsp;<\/p>\n<p>Au programme cette ann\u00e9e\u00a0: exit la Cadillac jacuzzi\u2026et bienvenue dans le safari itin\u00e9rant et al\u00e9atoire du turbodancing, o\u00f9 tout n&rsquo;est qu&rsquo;aventures partag\u00e9es, rencontres improbables, et bonne humeur communicative.<\/p>\n<p>Le studio FMair de Turbodancing implant\u00e9 place Leclerc, est ouvert tous les jours pour vous divertir, vous faire danser, bref occuper l&rsquo;espace-temps en \u00e9tant plus \u00e9lastique que le slip de casimir s&rsquo;il en avait eu un.<\/p>\n<p>&nbsp;<\/p>\n<p>Pour cette \u00e9dition, les troublions moustachus seront chaperonn\u00e9s et initi\u00e9s \u00e0 l\u2019\u00e9l\u00e9gance par deux Fedem bien d\u00e9cid\u00e9es \u00e0 faire r\u00e9gner la biens\u00e9ance\u00a0! Un choc tectonique \u00e0 savourer \u00e9galement dans sa version mobile \u00e0 la Place Charles de Gaulle.<\/p>\n<p>&nbsp;<\/p>\n<p>Retrouvez en direct sur les ondes de radio Pulsar \u2013 95.9 FM &#8211; l\u2019ambiance du festival du jeudi au Samedi ! Cette fois m\u00eame \u00e0 l\u2019autre bout du monde vous serez avec nous !<\/p>\n","protected":false},"excerpt":{"rendered":"<p>supervis\u00e9 par les Fedem La radio du festival La Grave (05) \u00e0 retrouver en direct sur les ondes de radio Pulsar 95.9 FM du jeudi \u00e0 samedi. &nbsp; Apr\u00e8s un [&hellip;]<\/p>\n","protected":false},"featured_media":194,"template":"","meta":[],"product_brand":[],"product_cat":[21,20],"product_tag":[24,22,23,25],"class_list":{"0":"post-193","1":"product","2":"type-product","3":"status-publish","4":"has-post-thumbnail","6":"product_cat-autre","7":"product_cat-musique","8":"product_tag-dimanche","9":"product_tag-jeudi","10":"product_tag-samedi","11":"product_tag-vendredi","13":"first","14":"instock","15":"shipping-taxable","16":"product-type-simple"},"_links":{"self":[{"href":"https:\/\/www3.poitiers-jeunes.com\/lesexpressifs2022\/wp-json\/wp\/v2\/product\/193","targetHints":{"allow":["GET"]}}],"collection":[{"href":"https:\/\/www3.poitiers-jeunes.com\/lesexpressifs2022\/wp-json\/wp\/v2\/product"}],"about":[{"href":"https:\/\/www3.poitiers-jeunes.com\/lesexpressifs2022\/wp-json\/wp\/v2\/types\/product"}],"wp:featuredmedia":[{"embeddable":true,"href":"https:\/\/www3.poitiers-jeunes.com\/lesexpressifs2022\/wp-json\/wp\/v2\/media\/194"}],"wp:attachment":[{"href":"https:\/\/www3.poitiers-jeunes.com\/lesexpressifs2022\/wp-json\/wp\/v2\/media?parent=193"}],"wp:term":[{"taxonomy":"product_brand","embeddable":true,"href":"https:\/\/www3.poitiers-jeunes.com\/lesexpressifs2022\/wp-json\/wp\/v2\/product_brand?post=193"},{"taxonomy":"product_cat","embeddable":true,"href":"https:\/\/www3.poitiers-jeunes.com\/lesexpressifs2022\/wp-json\/wp\/v2\/product_cat?post=193"},{"taxonomy":"product_tag","embeddable":true,"href":"https:\/\/www3.poitiers-jeunes.com\/lesexpressifs2022\/wp-json\/wp\/v2\/product_tag?post=193"}],"curies":[{"name":"wp","href":"https:\/\/api.w.org\/{rel}","templated":true}]}}

<p><strong>supervisé par les Fedem</strong></p>
<p>La radio du festival</p>
<p>La Grave (05)</p>
<p>à retrouver en direct sur les ondes de radio Pulsar 95.9 FM du jeudi à samedi.</p>
<p>&nbsp;</p>
<p>Après un passage remarqué sur la dernière édition du festival avec sa station de radio mobile qui se transformait en boite de nuit à ciel ouvert place du marché, l&rsquo;équipe de TURBODANCING est de retour cette année pour le plus grand plaisir de nos zygomatiques !</p>
<p>&nbsp;</p>
<p>Au programme cette année : exit la Cadillac jacuzzi…et bienvenue dans le safari itinérant et aléatoire du turbodancing, où tout n&rsquo;est qu&rsquo;aventures partagées, rencontres improbables, et bonne humeur communicative.</p>
<p>Le studio FMair de Turbodancing implanté place Leclerc, est ouvert tous les jours pour vous divertir, vous faire danser, bref occuper l&rsquo;espace-temps en étant plus élastique que le slip de casimir s&rsquo;il en avait eu un.</p>
<p>&nbsp;</p>
<p>Pour cette édition, les troublions moustachus seront chaperonnés et initiés à l’élégance par deux Fedem bien décidées à faire régner la bienséance ! Un choc tectonique à savourer également dans sa version mobile à la Place Charles de Gaulle.</p>
<p>&nbsp;</p>
<p>Retrouvez en direct sur les ondes de radio Pulsar – 95.9 FM &#8211; l’ambiance du festival du jeudi au Samedi ! Cette fois même à l’autre bout du monde vous serez avec nous !</p>

<p>supervisé par les Fedem La radio du festival La Grave (05) à retrouver en direct sur les ondes de radio Pulsar 95.9 FM du jeudi à samedi. &nbsp; Après un [&hellip;]</p>
