{"id":191,"date":"2022-09-06T09:29:55","date_gmt":"2022-09-06T07:29:55","guid":{"rendered":"https:\/\/www3.poitiers-jeunes.com\/lesexpressifs2022\/?post_type=product&#038;p=191"},"modified":"2022-09-08T12:12:40","modified_gmt":"2022-09-08T10:12:40","slug":"un-autre-nombre-est-possible-une-conference-100-resistante-aux-statistiques","status":"publish","type":"product","link":"https:\/\/www3.poitiers-jeunes.com\/lesexpressifs2022\/spectacle\/un-autre-nombre-est-possible-une-conference-100-resistante-aux-statistiques\/","title":{"rendered":"Un autre nombre est possible &#8211; une conf\u00e9rence 100 % r\u00e9sistante aux statistiques"},"content":{"rendered":"<p>Conf\u00e9rence gesticul\u00e9e<\/p>\n<p>Poitiers (86)<\/p>\n<p>&nbsp;<\/p>\n<p>Les pouvoirs politiques, m\u00e9diatiques, \u00e9conomiques\u2026 manipulent les chiffres, utilisent les statistiques, biaisent les questions des sondages et pr\u00e9f\u00e8rent nous voir comme une \u00ab opinion publique \u00bb plut\u00f4t que comme des citoyen-nes. \u00ab Un autre nombre est possible \u00bb propose une balade dans les coulisses des statistiques : sont-elles si \u00ab objectives \u00bb qu\u2019on le pense ? Quels choix politiques maquillent-elles ? Et comment les d\u00e9busquer ?<\/p>\n<p>&nbsp;<\/p>\n<p><a href=\"https:\/\/conferences-gesticulees.net\/conferences\/un-autre-nombre-est-possible\/\"><span style=\"color: #3366ff;\">https:\/\/conferences-gesticulees.net\/conferences\/un-autre-nombre-est-possible\/<\/span><\/a><\/p>\n<p>&nbsp;<\/p>\n<table style=\"border-collapse: collapse; width: 100%;\">\n<tbody>\n<tr>\n<td style=\"width: 49.9637%; text-align: right;\"><strong> Horaire :<\/strong><\/td>\n<td style=\"width: 50.0363%;\"><strong>Vendredi 19h<\/strong><\/td>\n<\/tr>\n<tr>\n<td style=\"width: 49.9637%; text-align: right;\"><strong> Lieu :<\/strong><\/td>\n<td style=\"width: 50.0363%;\"><strong>Cour de l\u2019\u00e9cole des Beaux-arts<\/strong><\/td>\n<\/tr>\n<tr>\n<td style=\"width: 49.9637%; text-align: right;\"><strong> Dur\u00e9e :<\/strong><\/td>\n<td style=\"width: 50.0363%;\"><strong>1h<\/strong><\/td>\n<\/tr>\n<\/tbody>\n<\/table>\n","protected":false},"excerpt":{"rendered":"<p>Conf\u00e9rence gesticul\u00e9e Poitiers (86) &nbsp; Les pouvoirs politiques, m\u00e9diatiques, \u00e9conomiques\u2026 manipulent les chiffres, utilisent les statistiques, biaisent les questions des sondages et pr\u00e9f\u00e8rent nous voir comme une \u00ab opinion publique [&hellip;]<\/p>\n","protected":false},"featured_media":192,"template":"","meta":[],"product_brand":[],"product_cat":[18],"product_tag":[25],"class_list":{"0":"post-191","1":"product","2":"type-product","3":"status-publish","4":"has-post-thumbnail","6":"product_cat-theatre","7":"product_tag-vendredi","9":"first","10":"instock","11":"shipping-taxable","12":"product-type-simple"},"_links":{"self":[{"href":"https:\/\/www3.poitiers-jeunes.com\/lesexpressifs2022\/wp-json\/wp\/v2\/product\/191","targetHints":{"allow":["GET"]}}],"collection":[{"href":"https:\/\/www3.poitiers-jeunes.com\/lesexpressifs2022\/wp-json\/wp\/v2\/product"}],"about":[{"href":"https:\/\/www3.poitiers-jeunes.com\/lesexpressifs2022\/wp-json\/wp\/v2\/types\/product"}],"wp:featuredmedia":[{"embeddable":true,"href":"https:\/\/www3.poitiers-jeunes.com\/lesexpressifs2022\/wp-json\/wp\/v2\/media\/192"}],"wp:attachment":[{"href":"https:\/\/www3.poitiers-jeunes.com\/lesexpressifs2022\/wp-json\/wp\/v2\/media?parent=191"}],"wp:term":[{"taxonomy":"product_brand","embeddable":true,"href":"https:\/\/www3.poitiers-jeunes.com\/lesexpressifs2022\/wp-json\/wp\/v2\/product_brand?post=191"},{"taxonomy":"product_cat","embeddable":true,"href":"https:\/\/www3.poitiers-jeunes.com\/lesexpressifs2022\/wp-json\/wp\/v2\/product_cat?post=191"},{"taxonomy":"product_tag","embeddable":true,"href":"https:\/\/www3.poitiers-jeunes.com\/lesexpressifs2022\/wp-json\/wp\/v2\/product_tag?post=191"}],"curies":[{"name":"wp","href":"https:\/\/api.w.org\/{rel}","templated":true}]}}