{"id":168,"date":"2022-09-05T15:49:37","date_gmt":"2022-09-05T13:49:37","guid":{"rendered":"https:\/\/www3.poitiers-jeunes.com\/lesexpressifs2022\/?post_type=product&#038;p=168"},"modified":"2022-09-08T11:57:50","modified_gmt":"2022-09-08T09:57:50","slug":"sonido-libre","status":"publish","type":"product","link":"https:\/\/www3.poitiers-jeunes.com\/lesexpressifs2022\/spectacle\/sonido-libre\/","title":{"rendered":"Sonido Libre"},"content":{"rendered":"<p>Trans Techno<br \/>\nPoitiers (86)<\/p>\n<p>L&rsquo;association USBDY organise depuis douze ans les \u00e9v\u00e9nements Mougeasses. Que ce soient des expositions ou des soir\u00e9es musicales, les rendez-vous Mougeasses ont pour objectif de valoriser la cr\u00e9ation artistique f\u00e9minine.<\/p>\n<p>&nbsp;<\/p>\n<p>Avec Sonido Libre, c&rsquo;est un mix de 3h qui mettra en avant les Djettes So&rsquo;Woh, Fenouil 2000, Sofia Da Silva et Kekette Blanchett. Les quatre DJettes ont la techno en commun, mais ce sont quatre styles diff\u00e9rents qui se croiseront pour former un tout \u00e0 l&rsquo;occasion de cette rencontre unique. M\u00eame si cette soir\u00e9e prendra des formes de combat de catch, il n&rsquo;est pas question de battle, mais au contraire de chercher l&rsquo;harmonie au sein de ces diff\u00e9rences. La seule comp\u00e9tition sera sur la piste de danse.<\/p>\n<p>&nbsp;<\/p>\n<p>So&rsquo;Woh\u00a0:<\/p>\n<p>Bem vindos em casa da So&rsquo;Woh ! Iel d\u00e9couvre la musique sur le manche d&rsquo;une guitare et les touches d&rsquo;un piano. Lorqu&rsquo;iel s&rsquo;\u00e9lectrocute pour la premi\u00e8re fois au contact des platines, c&rsquo;est la r\u00e9v\u00e9lation ! Depuis, iel revendique ses influences du trip-hop expressif de Massive Attack aux envol\u00e9es lyriques d&rsquo;un Miles Davis. So&rsquo;Woh, adepte des sonorit\u00e9s Berlinoises, vous transporte dans son alchimie amoureuse au son de sa deep techno progressive et m\u00e9lodique qui ravive votre mental, comme votre corps. So&rsquo;Woh se d\u00e9guste aussi bien au lever du soleil qu&rsquo;\u00e0 la pleine lune !<\/p>\n<p>Lien FB : <a href=\"https:\/\/www.facebook.com\/SoWohh\">h<span style=\"color: #3366ff;\">ttps:\/\/www.facebook.com\/SoWohh<\/span><\/a><\/p>\n<p>Lien Soundcloud : <a href=\"https:\/\/soundcloud.com\/sowoh-gouveia\"><span style=\"color: #3366ff;\">https:\/\/soundcloud.com\/sowoh-gouveia<\/span><\/a><\/p>\n<p>&nbsp;<\/p>\n<p>Fenouil 2000\u00a0:<\/p>\n<p>Julia Ardiley aka Fenouil2000 est une DJ bas\u00e9e \u00e0 Montreuil dans le 93. La musique de Fenouil2000 \u00e9volue au croisement d\u2019influences multiples. A la fois envo\u00fbtante et dansante, elle vous embarque dans le rite de la f\u00eate avec rondeur et chaleur. On y trouve une musique entre dark disco tonitruante, deep house organique et techno tribale. Ses sets sont toujours teint\u00e9s de sons non-occidentaux, africains, orientaux, sud-am\u00e9ricains, faisant la part belle aux percussions, aux musiques folkloriques de transe et aux lentes mont\u00e9es acides.<\/p>\n<p>&nbsp;<\/p>\n<p>Soundcloud :<span style=\"color: #3366ff;\"><a style=\"color: #3366ff;\" href=\"https:\/\/soundcloud.com\/fenouil2000\"> https:\/\/soundcloud.com\/fenouil2000<\/a><\/span><\/p>\n<p>Mixcloud : <a href=\"https:\/\/www.mixcloud.com\/fenouil2000\"><span style=\"color: #3366ff;\">https:\/\/www.mixcloud.com\/fenouil2000<\/span><\/a><\/p>\n<p>&nbsp;<\/p>\n<p>&nbsp;<\/p>\n<p>Sofia Da Silva\u00a0:<\/p>\n<p>Sofia Da Silva s&rsquo;est d\u00e9couvert une passion pour le mix d\u00e8s l&rsquo;\u00e2ge de 16 ans. Pendant plus d&rsquo;une dizaine d&rsquo;ann\u00e9es, elle a enflamm\u00e9 les dancefloors en Suisse et en France. Aujourd&rsquo;hui, elle aime surtout mixer dans des \u00e9v\u00e9nements militants f\u00e9ministes et queer. Qu&rsquo;elle joue de la minimal, de la house ou de la trance, son style lui ressemble : tant percutant qu&rsquo;\u00e9mouvant. Passionn\u00e9e, elle aime principalement jouer avec son public. Vous pourrez compter sur sa bonne \u00e9nergie\u00a0!<\/p>\n<p>Soundcloud :<a href=\"https:\/\/soundcloud.com\/sofiadasilvadj\"><span style=\"color: #3366ff;\"> https:\/\/soundcloud.com\/sofiadasilvadj<\/span><\/a><\/p>\n<p>&nbsp;<\/p>\n<p>Kekette Blanchett\u00a0:<\/p>\n<p>Lorsque on demande \u00e0 Kekette de se d\u00e9crire, elle utilise les mots de ceux qui l&rsquo;\u00e9coutent : \u00ab Lourd\/Crade\/Funky \u00bb. Des sets qui m\u00e9langent la house Berlinoise, la culture pop, la techno et des grosses basses. C&rsquo;est groovy. \u00c7a danse. Et \u00e7a te met de la \u00ab joie-boomboom \u00bb dans tout ton corps !<\/p>\n<p>Soundcloud :<a href=\"https:\/\/soundcloud.com\/keketteblanchett?\"><span style=\"color: #3366ff;\"> https:\/\/soundcloud.com\/keketteblanchett?<\/span><\/a><\/p>\n<p>Facebook : <span style=\"color: #3366ff;\"><a style=\"color: #3366ff;\" href=\"https:\/\/www.facebook.com\/keketteblanchett\">https:\/\/www.facebook.com\/keketteblanchett<\/a><\/span><\/p>\n<p>&nbsp;<\/p>\n<p><a href=\"https:\/\/mougeasses.wordpress.com\/\"><span style=\"color: #3366ff;\">https:\/\/mougeasses.wordpress.com\/<\/span><\/a><\/p>\n<p>&nbsp;<\/p>\n<table style=\"border-collapse: collapse; width: 100%;\">\n<tbody>\n<tr>\n<td style=\"width: 49.9637%; text-align: right;\"><strong> Horaire :<\/strong><\/td>\n<td style=\"width: 50.0363%;\"><strong>Jeudi 21h<\/strong><\/td>\n<\/tr>\n<tr>\n<td style=\"width: 49.9637%; text-align: right;\"><strong> Lieu :<\/strong><\/td>\n<td style=\"width: 50.0363%;\"><strong>Pl. du Mal Leclerc<\/strong><\/td>\n<\/tr>\n<tr>\n<td style=\"width: 49.9637%; text-align: right;\"><strong> Dur\u00e9e :<\/strong><\/td>\n<td style=\"width: 50.0363%;\"><strong>3h<\/strong><\/td>\n<\/tr>\n<\/tbody>\n<\/table>\n","protected":false},"excerpt":{"rendered":"<p>Trans Techno Poitiers (86) L&rsquo;association USBDY organise depuis douze ans les \u00e9v\u00e9nements Mougeasses. Que ce soient des expositions ou des soir\u00e9es musicales, les rendez-vous Mougeasses ont pour objectif de valoriser [&hellip;]<\/p>\n","protected":false},"featured_media":170,"template":"","meta":[],"product_brand":[],"product_cat":[20],"product_tag":[22],"class_list":{"0":"post-168","1":"product","2":"type-product","3":"status-publish","4":"has-post-thumbnail","6":"product_cat-musique","7":"product_tag-jeudi","9":"first","10":"instock","11":"shipping-taxable","12":"product-type-simple"},"_links":{"self":[{"href":"https:\/\/www3.poitiers-jeunes.com\/lesexpressifs2022\/wp-json\/wp\/v2\/product\/168","targetHints":{"allow":["GET"]}}],"collection":[{"href":"https:\/\/www3.poitiers-jeunes.com\/lesexpressifs2022\/wp-json\/wp\/v2\/product"}],"about":[{"href":"https:\/\/www3.poitiers-jeunes.com\/lesexpressifs2022\/wp-json\/wp\/v2\/types\/product"}],"wp:featuredmedia":[{"embeddable":true,"href":"https:\/\/www3.poitiers-jeunes.com\/lesexpressifs2022\/wp-json\/wp\/v2\/media\/170"}],"wp:attachment":[{"href":"https:\/\/www3.poitiers-jeunes.com\/lesexpressifs2022\/wp-json\/wp\/v2\/media?parent=168"}],"wp:term":[{"taxonomy":"product_brand","embeddable":true,"href":"https:\/\/www3.poitiers-jeunes.com\/lesexpressifs2022\/wp-json\/wp\/v2\/product_brand?post=168"},{"taxonomy":"product_cat","embeddable":true,"href":"https:\/\/www3.poitiers-jeunes.com\/lesexpressifs2022\/wp-json\/wp\/v2\/product_cat?post=168"},{"taxonomy":"product_tag","embeddable":true,"href":"https:\/\/www3.poitiers-jeunes.com\/lesexpressifs2022\/wp-json\/wp\/v2\/product_tag?post=168"}],"curies":[{"name":"wp","href":"https:\/\/api.w.org\/{rel}","templated":true}]}}

<p>Trans Techno<br />
Poitiers (86)</p>
<p>L&rsquo;association USBDY organise depuis douze ans les événements Mougeasses. Que ce soient des expositions ou des soirées musicales, les rendez-vous Mougeasses ont pour objectif de valoriser la création artistique féminine.</p>
<p>&nbsp;</p>
<p>Avec Sonido Libre, c&rsquo;est un mix de 3h qui mettra en avant les Djettes So&rsquo;Woh, Fenouil 2000, Sofia Da Silva et Kekette Blanchett. Les quatre DJettes ont la techno en commun, mais ce sont quatre styles différents qui se croiseront pour former un tout à l&rsquo;occasion de cette rencontre unique. Même si cette soirée prendra des formes de combat de catch, il n&rsquo;est pas question de battle, mais au contraire de chercher l&rsquo;harmonie au sein de ces différences. La seule compétition sera sur la piste de danse.</p>
<p>&nbsp;</p>
<p>So&rsquo;Woh :</p>
<p>Bem vindos em casa da So&rsquo;Woh ! Iel découvre la musique sur le manche d&rsquo;une guitare et les touches d&rsquo;un piano. Lorqu&rsquo;iel s&rsquo;électrocute pour la première fois au contact des platines, c&rsquo;est la révélation ! Depuis, iel revendique ses influences du trip-hop expressif de Massive Attack aux envolées lyriques d&rsquo;un Miles Davis. So&rsquo;Woh, adepte des sonorités Berlinoises, vous transporte dans son alchimie amoureuse au son de sa deep techno progressive et mélodique qui ravive votre mental, comme votre corps. So&rsquo;Woh se déguste aussi bien au lever du soleil qu&rsquo;à la pleine lune !</p>
<p>Lien FB : <a href="https://www.facebook.com/SoWohh">h<span style="color: #3366ff;">ttps://www.facebook.com/SoWohh</span></a></p>
<p>Lien Soundcloud : <a href="https://soundcloud.com/sowoh-gouveia"><span style="color: #3366ff;">https://soundcloud.com/sowoh-gouveia</span></a></p>
<p>&nbsp;</p>
<p>Fenouil 2000 :</p>
<p>Julia Ardiley aka Fenouil2000 est une DJ basée à Montreuil dans le 93. La musique de Fenouil2000 évolue au croisement d’influences multiples. A la fois envoûtante et dansante, elle vous embarque dans le rite de la fête avec rondeur et chaleur. On y trouve une musique entre dark disco tonitruante, deep house organique et techno tribale. Ses sets sont toujours teintés de sons non-occidentaux, africains, orientaux, sud-américains, faisant la part belle aux percussions, aux musiques folkloriques de transe et aux lentes montées acides.</p>
<p>&nbsp;</p>
<p>Soundcloud :<span style="color: #3366ff;"><a style="color: #3366ff;" href="https://soundcloud.com/fenouil2000"> https://soundcloud.com/fenouil2000</a></span></p>
<p>Mixcloud : <a href="https://www.mixcloud.com/fenouil2000"><span style="color: #3366ff;">https://www.mixcloud.com/fenouil2000</span></a></p>
<p>&nbsp;</p>
<p>&nbsp;</p>
<p>Sofia Da Silva :</p>
<p>Sofia Da Silva s&rsquo;est découvert une passion pour le mix dès l&rsquo;âge de 16 ans. Pendant plus d&rsquo;une dizaine d&rsquo;années, elle a enflammé les dancefloors en Suisse et en France. Aujourd&rsquo;hui, elle aime surtout mixer dans des événements militants féministes et queer. Qu&rsquo;elle joue de la minimal, de la house ou de la trance, son style lui ressemble : tant percutant qu&rsquo;émouvant. Passionnée, elle aime principalement jouer avec son public. Vous pourrez compter sur sa bonne énergie !</p>
<p>Soundcloud :<a href="https://soundcloud.com/sofiadasilvadj"><span style="color: #3366ff;"> https://soundcloud.com/sofiadasilvadj</span></a></p>
<p>&nbsp;</p>
<p>Kekette Blanchett :</p>
<p>Lorsque on demande à Kekette de se décrire, elle utilise les mots de ceux qui l&rsquo;écoutent : « Lourd/Crade/Funky ». Des sets qui mélangent la house Berlinoise, la culture pop, la techno et des grosses basses. C&rsquo;est groovy. Ça danse. Et ça te met de la « joie-boomboom » dans tout ton corps !</p>
<p>Soundcloud :<a href="https://soundcloud.com/keketteblanchett?"><span style="color: #3366ff;"> https://soundcloud.com/keketteblanchett?</span></a></p>
<p>Facebook : <span style="color: #3366ff;"><a style="color: #3366ff;" href="https://www.facebook.com/keketteblanchett">https://www.facebook.com/keketteblanchett</a></span></p>
<p>&nbsp;</p>
<p><a href="https://mougeasses.wordpress.com/"><span style="color: #3366ff;">https://mougeasses.wordpress.com/</span></a></p>
<p>&nbsp;</p>
<table style="border-collapse: collapse; width: 100%;">
<tbody>
<tr>
<td style="width: 49.9637%; text-align: right;"><strong> Horaire :</strong></td>
<td style="width: 50.0363%;"><strong>Jeudi 21h</strong></td>
</tr>
<tr>
<td style="width: 49.9637%; text-align: right;"><strong> Lieu :</strong></td>
<td style="width: 50.0363%;"><strong>Pl. du Mal Leclerc</strong></td>
</tr>
<tr>
<td style="width: 49.9637%; text-align: right;"><strong> Durée :</strong></td>
<td style="width: 50.0363%;"><strong>3h</strong></td>
</tr>
</tbody>
</table>

<p>Trans Techno Poitiers (86) L&rsquo;association USBDY organise depuis douze ans les événements Mougeasses. Que ce soient des expositions ou des soirées musicales, les rendez-vous Mougeasses ont pour objectif de valoriser [&hellip;]</p>
