{"id":166,"date":"2022-09-05T15:38:18","date_gmt":"2022-09-05T13:38:18","guid":{"rendered":"https:\/\/www3.poitiers-jeunes.com\/lesexpressifs2022\/?post_type=product&#038;p=166"},"modified":"2022-09-12T10:16:16","modified_gmt":"2022-09-12T08:16:16","slug":"orchestre-des-champs-elysees","status":"publish","type":"product","link":"https:\/\/www3.poitiers-jeunes.com\/lesexpressifs2022\/spectacle\/orchestre-des-champs-elysees\/","title":{"rendered":"Orchestre des Champs-\u00c9lys\u00e9es"},"content":{"rendered":"<h2>Le Petit Poucet<\/h2>\n<p>Conte musical<\/p>\n<p>Paris (75) \/ Poitiers (86)<\/p>\n<p>A partir de 5 ans<\/p>\n<p>En partenariat avec l\u2019Orchestre des Champs Elys\u00e9es<\/p>\n<p>&nbsp;<\/p>\n<p>Il \u00e9tait une fois un petit Poucet, une for\u00eat tr\u00e8s sombre et pleine de loups et un ogre mangeur d\u2019enfants ! Cher public, connaissez-vous cette terrible histoire ?<\/p>\n<p>Si oui, vous n\u2019aurez pas oubli\u00e9 le merveilleux texte de Charles Perrault, qui a enchant\u00e9 des g\u00e9n\u00e9rations d\u2019auditeurs, petits et grands.<\/p>\n<p>Si non, poussez les portes de l\u2019imaginaire et plongez-vous avec les musiciens de l\u2019orchestre des Champs-\u00c9lys\u00e9es dans ce conte mythique, o\u00f9 petits cailloux blancs et bottes de sept lieues c\u00f4toient loups affam\u00e9s et futures ogresses !<\/p>\n<p>Le petit Poucet nous rappelle heureusement qu\u2019il suffit de quelques cailloux blancs pour sortir des for\u00eats tr\u00e8s sombres !<\/p>\n<p>&nbsp;<\/p>\n<p>En 1697, Charles Perrault retranscrit le merveilleux conte du \u00ab Petit Poucet \u00bb, d\u2019apr\u00e8s des sources populaires et orales. Gr\u00e2ce au ton l\u00e9ger de l\u2019auteur, le texte est fascinant sans jamais devenir morbide ni effrayant.<\/p>\n<p>Un bon si\u00e8cle plus tard, les fr\u00e8res Grimm, pourtant en pleine collecte de contes populaires anciens, allemands et fran\u00e7ais, laisseront \u00ab Le Petit Poucet \u00bb de c\u00f4t\u00e9, lui pr\u00e9f\u00e9rant l\u2019histoire vaguement similaire de \u00ab Tom Pouce \u00bb.<\/p>\n<p>Cependant entre 1845 et 1854, un certain Robert Schumann compose dans l\u2019esprit de ses \u00ab Sc\u00e8nes d\u2019enfants \u00bb plusieurs recueils de pi\u00e8ces pour piano seul, dont certaines \u00e0 vocation p\u00e9dagogique, sp\u00e9cialement destin\u00e9es aux petits \u00e9tudiants de cet instrument.<\/p>\n<p>&nbsp;<\/p>\n<p>Pour raconter \u00ab Le Petit Poucet \u00bb, quel autre univers est le plus appropri\u00e9 que celui de Schumann, litt\u00e9raire, po\u00e9tique et toujours proche de l\u2019enfance ?<\/p>\n<p>O\u00f9 trouver, mieux que dans sa musique, des cavaliers farouches, des chansons populaires, des oiseaux proph\u00e8tes, des sc\u00e8nes de chasse, d\u2019affreux moines bourrus ou encore de petites marches militaires ?<\/p>\n<p>Entre le texte de Perrault qui se fait musique et les pi\u00e8ces de Schumann qui racontent une histoire, nous voici accueillis dans ce conte mythique de l\u2019enfance, d\u00e9j\u00e0 tr\u00e8s ancien et pourtant tellement moderne.<\/p>\n<p>Et si nous y retrouvons notre peur archa\u00efque d\u2019\u00eatre perdus, nous savons aussi que des petits cailloux blancs nous aideront \u00e0 sortir des for\u00eats trop sombres\u2026<\/p>\n<p>Longue vie aux \u00ab Petits Poucets \u00bb et \u00ab Petites Poucettes \u00bb !<\/p>\n<p>&nbsp;<\/p>\n<p>Distribution :<\/p>\n<p>Conteur : Lo\u00efc Richard<\/p>\n<p>Conception et violon : Virginie Descharmes<\/p>\n<p>Violoncelle : Michel Boulanger<\/p>\n<p>&nbsp;<\/p>\n<p>L\u2019Orchestre des Champs-\u00c9lys\u00e9es, associ\u00e9 au TAP \u2013 Th\u00e9\u00e2tre Auditorium de Poitiers et en r\u00e9sidence en Nouvelle Aquitaine, est subventionn\u00e9 par la DRAC Nouvelle-Aquitaine, la r\u00e9gion Nouvelle-Aquitaine et la ville de Poitiers.<\/p>\n<p>&nbsp;<\/p>\n<p>L\u2019Orchestre est ponctuellement soutenu par l\u2019Institut Fran\u00e7ais et la SPEDIDAM (Soci\u00e9t\u00e9 de Perception et de Distribution des Droits des Artistes-Interpr\u00e8tes) pour ses tourn\u00e9es \u00e0 l\u2019\u00e9tranger. Il est accompagn\u00e9 par la Fondation Orange pour son projet en Nouvelle Aquitaine \u00ab Ch\u0153ur et Orchestre des Jeunes \u00bb et par AG2R La Mondiale et le d\u00e9partement de la Vienne pour son projet \u00ab musique &amp; m\u00e9moire \u00bb.<\/p>\n<p>Il est membre fondateur de la FEVIS (F\u00e9d\u00e9ration des Ensembles Vocaux et Instrumentaux Sp\u00e9cialis\u00e9s). Il fait \u00e9galement parti du syndicat PROF\u00c9DIM (syndicat Professionnel des producteurs, Festivals, ensembles, Diffuseurs ind\u00e9pendants de musique.)<\/p>\n<p>&nbsp;<\/p>\n<p>L\u2019Orchestre des Champs-\u00c9lys\u00e9es remercie son \u00ab Cercle des Amis \u00bb et son club d\u2019entreprises \u00ab Contre-Champs \u00bb : H\u00f4tel de l\u2019Europe (Poitiers), Grenouilles Productions (Poitiers), Du Beau du Bon (Limoges), \u00c9tudes notariales (Feytiat &amp; Bourganeuf), Pavillon Sully (Paris), Lutherie Antoine Lacroix &amp; associ\u00e9s (Poitiers), Restaurant Les Archives (Poitiers), e-Qual (Poitiers), Le Grand Magasin (Poitiers), SERI (Chatellerault), Ali\u00e9nor Consultants (Poitiers), Escalux (Montmorillon), Maison Cognac Godet (La Rochelle), H\u00f4tel des ventes des Quinconces (Bordeaux)<\/p>\n<p>&nbsp;<\/p>\n<p><span style=\"color: #3366ff;\"><a style=\"color: #3366ff;\" href=\"http:\/\/www.orchestredeschampselysees.com\">www.orchestredeschampselysees.com<\/a><\/span><\/p>\n<table style=\"border-collapse: collapse; width: 100%;\">\n<tbody>\n<tr>\n<td style=\"width: 49.9637%; text-align: right;\"><strong> Horaire :<\/strong><\/td>\n<td style=\"width: 50.0363%;\"><strong>Samedi 11h30<\/strong><\/p>\n<p><strong>Samedi 17h30<\/strong><\/td>\n<\/tr>\n<tr>\n<td style=\"width: 49.9637%; text-align: right;\"><strong> Lieu :<\/strong><\/td>\n<td style=\"width: 50.0363%;\"><strong>Chapelle Saint-Louis<\/strong><\/td>\n<\/tr>\n<tr>\n<td style=\"width: 49.9637%; text-align: right;\"><strong> Dur\u00e9e :<\/strong><\/td>\n<td style=\"width: 50.0363%;\"><strong>1h<\/strong><\/td>\n<\/tr>\n<\/tbody>\n<\/table>\n","protected":false},"excerpt":{"rendered":"<p>Le Petit Poucet Conte musical Paris (75) \/ Poitiers (86) A partir de 5 ans En partenariat avec l\u2019Orchestre des Champs Elys\u00e9es &nbsp; Il \u00e9tait une fois un petit Poucet, [&hellip;]<\/p>\n","protected":false},"featured_media":252,"template":"","meta":[],"product_brand":[],"product_cat":[20],"product_tag":[23],"class_list":{"0":"post-166","1":"product","2":"type-product","3":"status-publish","4":"has-post-thumbnail","6":"product_cat-musique","7":"product_tag-samedi","9":"first","10":"instock","11":"shipping-taxable","12":"product-type-simple"},"_links":{"self":[{"href":"https:\/\/www3.poitiers-jeunes.com\/lesexpressifs2022\/wp-json\/wp\/v2\/product\/166","targetHints":{"allow":["GET"]}}],"collection":[{"href":"https:\/\/www3.poitiers-jeunes.com\/lesexpressifs2022\/wp-json\/wp\/v2\/product"}],"about":[{"href":"https:\/\/www3.poitiers-jeunes.com\/lesexpressifs2022\/wp-json\/wp\/v2\/types\/product"}],"wp:featuredmedia":[{"embeddable":true,"href":"https:\/\/www3.poitiers-jeunes.com\/lesexpressifs2022\/wp-json\/wp\/v2\/media\/252"}],"wp:attachment":[{"href":"https:\/\/www3.poitiers-jeunes.com\/lesexpressifs2022\/wp-json\/wp\/v2\/media?parent=166"}],"wp:term":[{"taxonomy":"product_brand","embeddable":true,"href":"https:\/\/www3.poitiers-jeunes.com\/lesexpressifs2022\/wp-json\/wp\/v2\/product_brand?post=166"},{"taxonomy":"product_cat","embeddable":true,"href":"https:\/\/www3.poitiers-jeunes.com\/lesexpressifs2022\/wp-json\/wp\/v2\/product_cat?post=166"},{"taxonomy":"product_tag","embeddable":true,"href":"https:\/\/www3.poitiers-jeunes.com\/lesexpressifs2022\/wp-json\/wp\/v2\/product_tag?post=166"}],"curies":[{"name":"wp","href":"https:\/\/api.w.org\/{rel}","templated":true}]}}

Orchestre des Champs-Élysées

<h2>Le Petit Poucet</h2>
<p>Conte musical</p>
<p>Paris (75) / Poitiers (86)</p>
<p>A partir de 5 ans</p>
<p>En partenariat avec l’Orchestre des Champs Elysées</p>
<p>&nbsp;</p>
<p>Il était une fois un petit Poucet, une forêt très sombre et pleine de loups et un ogre mangeur d’enfants ! Cher public, connaissez-vous cette terrible histoire ?</p>
<p>Si oui, vous n’aurez pas oublié le merveilleux texte de Charles Perrault, qui a enchanté des générations d’auditeurs, petits et grands.</p>
<p>Si non, poussez les portes de l’imaginaire et plongez-vous avec les musiciens de l’orchestre des Champs-Élysées dans ce conte mythique, où petits cailloux blancs et bottes de sept lieues côtoient loups affamés et futures ogresses !</p>
<p>Le petit Poucet nous rappelle heureusement qu’il suffit de quelques cailloux blancs pour sortir des forêts très sombres !</p>
<p>&nbsp;</p>
<p>En 1697, Charles Perrault retranscrit le merveilleux conte du « Petit Poucet », d’après des sources populaires et orales. Grâce au ton léger de l’auteur, le texte est fascinant sans jamais devenir morbide ni effrayant.</p>
<p>Un bon siècle plus tard, les frères Grimm, pourtant en pleine collecte de contes populaires anciens, allemands et français, laisseront « Le Petit Poucet » de côté, lui préférant l’histoire vaguement similaire de « Tom Pouce ».</p>
<p>Cependant entre 1845 et 1854, un certain Robert Schumann compose dans l’esprit de ses « Scènes d’enfants » plusieurs recueils de pièces pour piano seul, dont certaines à vocation pédagogique, spécialement destinées aux petits étudiants de cet instrument.</p>
<p>&nbsp;</p>
<p>Pour raconter « Le Petit Poucet », quel autre univers est le plus approprié que celui de Schumann, littéraire, poétique et toujours proche de l’enfance ?</p>
<p>Où trouver, mieux que dans sa musique, des cavaliers farouches, des chansons populaires, des oiseaux prophètes, des scènes de chasse, d’affreux moines bourrus ou encore de petites marches militaires ?</p>
<p>Entre le texte de Perrault qui se fait musique et les pièces de Schumann qui racontent une histoire, nous voici accueillis dans ce conte mythique de l’enfance, déjà très ancien et pourtant tellement moderne.</p>
<p>Et si nous y retrouvons notre peur archaïque d’être perdus, nous savons aussi que des petits cailloux blancs nous aideront à sortir des forêts trop sombres…</p>
<p>Longue vie aux « Petits Poucets » et « Petites Poucettes » !</p>
<p>&nbsp;</p>
<p>Distribution :</p>
<p>Conteur : Loïc Richard</p>
<p>Conception et violon : Virginie Descharmes</p>
<p>Violoncelle : Michel Boulanger</p>
<p>&nbsp;</p>
<p>L’Orchestre des Champs-Élysées, associé au TAP – Théâtre Auditorium de Poitiers et en résidence en Nouvelle Aquitaine, est subventionné par la DRAC Nouvelle-Aquitaine, la région Nouvelle-Aquitaine et la ville de Poitiers.</p>
<p>&nbsp;</p>
<p>L’Orchestre est ponctuellement soutenu par l’Institut Français et la SPEDIDAM (Société de Perception et de Distribution des Droits des Artistes-Interprètes) pour ses tournées à l’étranger. Il est accompagné par la Fondation Orange pour son projet en Nouvelle Aquitaine « Chœur et Orchestre des Jeunes » et par AG2R La Mondiale et le département de la Vienne pour son projet « musique &amp; mémoire ».</p>
<p>Il est membre fondateur de la FEVIS (Fédération des Ensembles Vocaux et Instrumentaux Spécialisés). Il fait également parti du syndicat PROFÉDIM (syndicat Professionnel des producteurs, Festivals, ensembles, Diffuseurs indépendants de musique.)</p>
<p>&nbsp;</p>
<p>L’Orchestre des Champs-Élysées remercie son « Cercle des Amis » et son club d’entreprises « Contre-Champs » : Hôtel de l’Europe (Poitiers), Grenouilles Productions (Poitiers), Du Beau du Bon (Limoges), Études notariales (Feytiat &amp; Bourganeuf), Pavillon Sully (Paris), Lutherie Antoine Lacroix &amp; associés (Poitiers), Restaurant Les Archives (Poitiers), e-Qual (Poitiers), Le Grand Magasin (Poitiers), SERI (Chatellerault), Aliénor Consultants (Poitiers), Escalux (Montmorillon), Maison Cognac Godet (La Rochelle), Hôtel des ventes des Quinconces (Bordeaux)</p>
<p>&nbsp;</p>
<p><span style="color: #3366ff;"><a style="color: #3366ff;" href="http://www.orchestredeschampselysees.com">www.orchestredeschampselysees.com</a></span></p>
<table style="border-collapse: collapse; width: 100%;">
<tbody>
<tr>
<td style="width: 49.9637%; text-align: right;"><strong> Horaire :</strong></td>
<td style="width: 50.0363%;"><strong>Samedi 11h30</strong></p>
<p><strong>Samedi 17h30</strong></td>
</tr>
<tr>
<td style="width: 49.9637%; text-align: right;"><strong> Lieu :</strong></td>
<td style="width: 50.0363%;"><strong>Chapelle Saint-Louis</strong></td>
</tr>
<tr>
<td style="width: 49.9637%; text-align: right;"><strong> Durée :</strong></td>
<td style="width: 50.0363%;"><strong>1h</strong></td>
</tr>
</tbody>
</table>

<p>Le Petit Poucet Conte musical Paris (75) / Poitiers (86) A partir de 5 ans En partenariat avec l’Orchestre des Champs Elysées &nbsp; Il était une fois un petit Poucet, [&hellip;]</p>
