{"id":165,"date":"2022-09-05T15:36:03","date_gmt":"2022-09-05T13:36:03","guid":{"rendered":"https:\/\/www3.poitiers-jeunes.com\/lesexpressifs2022\/?post_type=product&#038;p=165"},"modified":"2022-09-27T14:38:56","modified_gmt":"2022-09-27T12:38:56","slug":"multiprizz","status":"publish","type":"product","link":"https:\/\/www3.poitiers-jeunes.com\/lesexpressifs2022\/spectacle\/multiprizz\/","title":{"rendered":"M\u00fcltiprizz"},"content":{"rendered":"<p>Drum\u2019n bass<\/p>\n<p>Poitiers (86)<\/p>\n<p>A la fois activiste au sein du label Culturedub records avec des productions dub-step&rsquo;n bass, trackmaker de drum\u2019n bass pour le label DARKBASS records, organisateur et DJ au sein des soir\u00e9es KONTACT ou remixer de trashBootleg sous le projet Fant\u00f4mas contre Fant\u00f4mas, M\u00fcltiprizz vous proposera pour Les Expressifs un mix galopant de drum&rsquo;n bass.<\/p>\n<p><span style=\"color: #3366ff;\"><a style=\"color: #3366ff;\" href=\"https:\/\/soundcloud.com\/mltiprizz\">https:\/\/soundcloud.com\/mltiprizz<\/a><\/span><\/p>\n<p>&nbsp;<\/p>\n<table style=\"border-collapse: collapse; width: 100%;\">\n<tbody>\n<tr>\n<td style=\"width: 49.9637%; text-align: right;\"><strong> Horaire :<\/strong><\/td>\n<td style=\"width: 50.0363%;\"><strong>Jeudi 23h<\/strong><\/td>\n<\/tr>\n<tr>\n<td style=\"width: 49.9637%; text-align: right;\"><strong> Lieu :<\/strong><\/td>\n<td style=\"width: 50.0363%;\"><strong>Parvis du March\u00e9 &#8211; Pl. Charles de Gaulle<\/strong><\/td>\n<\/tr>\n<tr>\n<td style=\"width: 49.9637%; text-align: right;\"><strong> Dur\u00e9e :<\/strong><\/td>\n<td style=\"width: 50.0363%;\"><strong>1h<\/strong><\/td>\n<\/tr>\n<\/tbody>\n<\/table>\n","protected":false},"excerpt":{"rendered":"<p>Drum\u2019n bass Poitiers (86) A la fois activiste au sein du label Culturedub records avec des productions dub-step&rsquo;n bass, trackmaker de drum\u2019n bass pour le label DARKBASS records, organisateur et [&hellip;]<\/p>\n","protected":false},"featured_media":178,"template":"","meta":[],"product_brand":[],"product_cat":[20],"product_tag":[22],"class_list":{"0":"post-165","1":"product","2":"type-product","3":"status-publish","4":"has-post-thumbnail","6":"product_cat-musique","7":"product_tag-jeudi","9":"first","10":"instock","11":"shipping-taxable","12":"product-type-simple"},"_links":{"self":[{"href":"https:\/\/www3.poitiers-jeunes.com\/lesexpressifs2022\/wp-json\/wp\/v2\/product\/165","targetHints":{"allow":["GET"]}}],"collection":[{"href":"https:\/\/www3.poitiers-jeunes.com\/lesexpressifs2022\/wp-json\/wp\/v2\/product"}],"about":[{"href":"https:\/\/www3.poitiers-jeunes.com\/lesexpressifs2022\/wp-json\/wp\/v2\/types\/product"}],"wp:featuredmedia":[{"embeddable":true,"href":"https:\/\/www3.poitiers-jeunes.com\/lesexpressifs2022\/wp-json\/wp\/v2\/media\/178"}],"wp:attachment":[{"href":"https:\/\/www3.poitiers-jeunes.com\/lesexpressifs2022\/wp-json\/wp\/v2\/media?parent=165"}],"wp:term":[{"taxonomy":"product_brand","embeddable":true,"href":"https:\/\/www3.poitiers-jeunes.com\/lesexpressifs2022\/wp-json\/wp\/v2\/product_brand?post=165"},{"taxonomy":"product_cat","embeddable":true,"href":"https:\/\/www3.poitiers-jeunes.com\/lesexpressifs2022\/wp-json\/wp\/v2\/product_cat?post=165"},{"taxonomy":"product_tag","embeddable":true,"href":"https:\/\/www3.poitiers-jeunes.com\/lesexpressifs2022\/wp-json\/wp\/v2\/product_tag?post=165"}],"curies":[{"name":"wp","href":"https:\/\/api.w.org\/{rel}","templated":true}]}}

Mültiprizz

<p>Drum’n bass</p>
<p>Poitiers (86)</p>
<p>A la fois activiste au sein du label Culturedub records avec des productions dub-step&rsquo;n bass, trackmaker de drum’n bass pour le label DARKBASS records, organisateur et DJ au sein des soirées KONTACT ou remixer de trashBootleg sous le projet Fantômas contre Fantômas, Mültiprizz vous proposera pour Les Expressifs un mix galopant de drum&rsquo;n bass.</p>
<p><span style="color: #3366ff;"><a style="color: #3366ff;" href="https://soundcloud.com/mltiprizz">https://soundcloud.com/mltiprizz</a></span></p>
<p>&nbsp;</p>
<table style="border-collapse: collapse; width: 100%;">
<tbody>
<tr>
<td style="width: 49.9637%; text-align: right;"><strong> Horaire :</strong></td>
<td style="width: 50.0363%;"><strong>Jeudi 23h</strong></td>
</tr>
<tr>
<td style="width: 49.9637%; text-align: right;"><strong> Lieu :</strong></td>
<td style="width: 50.0363%;"><strong>Parvis du Marché &#8211; Pl. Charles de Gaulle</strong></td>
</tr>
<tr>
<td style="width: 49.9637%; text-align: right;"><strong> Durée :</strong></td>
<td style="width: 50.0363%;"><strong>1h</strong></td>
</tr>
</tbody>
</table>
