{"id":54,"date":"2022-07-28T15:57:12","date_gmt":"2022-07-28T13:57:12","guid":{"rendered":"https:\/\/www3.poitiers-jeunes.com\/lesexpressifs2022\/?page_id=54"},"modified":"2022-09-26T14:29:12","modified_gmt":"2022-09-26T12:29:12","slug":"lequipe","status":"publish","type":"page","link":"https:\/\/www3.poitiers-jeunes.com\/lesexpressifs2022\/lequipe\/","title":{"rendered":"L&rsquo;\u00e9quipe"},"content":{"rendered":"\n<p class=\"has-text-align-center\">Le festival est organis\u00e9 par l&rsquo;association<\/p>\n\n\n<div class=\"wp-block-image\">\n<figure class=\"aligncenter\"><a href=\"http:\/\/www3.poitiers-jeunes.com\/\"><img loading=\"lazy\" decoding=\"async\" width=\"583\" height=\"158\" src=\"http:\/\/www3.poitiers-jeunes.com\/lesexpressifs2022\/files\/2022\/07\/Poitiers-jeunes-logoweb-noir.jpg\" alt=\"\" class=\"wp-image-55\" srcset=\"https:\/\/www3.poitiers-jeunes.com\/lesexpressifs2022\/files\/2022\/07\/Poitiers-jeunes-logoweb-noir.jpg 583w, https:\/\/www3.poitiers-jeunes.com\/lesexpressifs2022\/files\/2022\/07\/Poitiers-jeunes-logoweb-noir-300x81.jpg 300w, https:\/\/www3.poitiers-jeunes.com\/lesexpressifs2022\/files\/2022\/07\/Poitiers-jeunes-logoweb-noir-228x62.jpg 228w\" sizes=\"auto, (max-width: 583px) 100vw, 583px\" \/><\/a><\/figure><\/div>\n\n\n<div class=\"entry-content\">Membres du Conseil d\u2019administration : Nicolas ANTOINE, Martia CHAPELON, Sarah LACROIX, Julie LE BIHEN, Alexandre OSTROVENOK, Sarah OUESLATI, C\u00e9cile RABILLER, Germain URIEN<\/div>\n\n\n\n<div>&nbsp;<\/div>\n\n\n\n<div>&nbsp;<\/div>\n\n\n\n<div class=\"entry-content\">Salari\u00e9-es: Karine ABEL (Coordinatrice, programmatrice), Rob BARTON (R\u00e9gisseur g\u00e9n\u00e9ral) Micka\u00ebl BUNO (Charg\u00e9 de communication), Sabrina CAILLETON (M\u00e9diatrice culturelle), Fanny CHABOT (Responsable loges), Carole CHANCELIER (Administration), No\u00e9mie MAGNANT (Accompagnatrice de projets amateurs), Mathieu MARQUIS (R\u00e9gisseur g\u00e9n\u00e9ral), Floriane SAISON (Accueil des compagnies), Charlotte TALBOT (Responsable b\u00e9n\u00e9voles), Xavier WOERLY (Responsable bar) et tous les technicien-nes qui les accompagnent<\/div>\n\n\n\n<div>&nbsp;<\/div>\n\n\n\n<div>&nbsp;<\/div>\n\n\n\n<div class=\"entry-content\">Volontaire en Service civique : Jade BONNEUIL-DELEBARRE (Assistante Responsable b\u00e9n\u00e9voles).<\/div>\n\n\n\n<div>&nbsp;<\/div>\n\n\n\n<div>&nbsp;<\/div>\n\n\n\n<div class=\"entry-content\">Stagiaire : Ma\u00e9va CONVERT (Assistante communication).<\/div>\n","protected":false},"excerpt":{"rendered":"<p>Le festival est organis\u00e9 par l&rsquo;association Membres du Conseil d\u2019administration : Nicolas ANTOINE, Martia CHAPELON, Sarah LACROIX, Julie LE BIHEN, Alexandre OSTROVENOK, Sarah OUESLATI, C\u00e9cile RABILLER, Germain URIEN &nbsp; &nbsp; [&hellip;]<\/p>\n","protected":false},"author":1,"featured_media":46,"parent":0,"menu_order":0,"comment_status":"closed","ping_status":"closed","template":"","meta":{"footnotes":""},"class_list":["post-54","page","type-page","status-publish","has-post-thumbnail","hentry"],"_links":{"self":[{"href":"https:\/\/www3.poitiers-jeunes.com\/lesexpressifs2022\/wp-json\/wp\/v2\/pages\/54","targetHints":{"allow":["GET"]}}],"collection":[{"href":"https:\/\/www3.poitiers-jeunes.com\/lesexpressifs2022\/wp-json\/wp\/v2\/pages"}],"about":[{"href":"https:\/\/www3.poitiers-jeunes.com\/lesexpressifs2022\/wp-json\/wp\/v2\/types\/page"}],"author":[{"embeddable":true,"href":"https:\/\/www3.poitiers-jeunes.com\/lesexpressifs2022\/wp-json\/wp\/v2\/users\/1"}],"replies":[{"embeddable":true,"href":"https:\/\/www3.poitiers-jeunes.com\/lesexpressifs2022\/wp-json\/wp\/v2\/comments?post=54"}],"version-history":[{"count":7,"href":"https:\/\/www3.poitiers-jeunes.com\/lesexpressifs2022\/wp-json\/wp\/v2\/pages\/54\/revisions"}],"predecessor-version":[{"id":435,"href":"https:\/\/www3.poitiers-jeunes.com\/lesexpressifs2022\/wp-json\/wp\/v2\/pages\/54\/revisions\/435"}],"wp:featuredmedia":[{"embeddable":true,"href":"https:\/\/www3.poitiers-jeunes.com\/lesexpressifs2022\/wp-json\/wp\/v2\/media\/46"}],"wp:attachment":[{"href":"https:\/\/www3.poitiers-jeunes.com\/lesexpressifs2022\/wp-json\/wp\/v2\/media?parent=54"}],"curies":[{"name":"wp","href":"https:\/\/api.w.org\/{rel}","templated":true}]}}