{"id":39,"date":"2022-07-28T15:35:04","date_gmt":"2022-07-28T13:35:04","guid":{"rendered":"https:\/\/www3.poitiers-jeunes.com\/lesexpressifs2022\/?page_id=39"},"modified":"2022-07-28T15:47:54","modified_gmt":"2022-07-28T13:47:54","slug":"le-festival-2022","status":"publish","type":"page","link":"https:\/\/www3.poitiers-jeunes.com\/lesexpressifs2022\/le-festival-2022\/","title":{"rendered":"Le festival 2022"},"content":{"rendered":"<p style=\"text-align: center;\"><strong>En octobre, Les Expressifs investissent le centre-ville de Poitiers : artistes de rues, musiciens et danseurs vous emm\u00e8nent sur des chemins insolites et inattendus ! Entre \u00e9mergences et nouvelles cr\u00e9ations, tous les spectacles sont gratuits et accessibles sans r\u00e9servation. Pour que notre quotidien reste ouvert aux singularit\u00e9s, aux utopies et aux imaginaires, rendez-vous du jeudi 6 au 9 octobre 2022 en centre-ville de Poitiers !<\/strong><\/p>\n<p style=\"text-align: center;\">\n<p style=\"text-align: center;\"><a href=\"http:\/\/www3.poitiers-jeunes.com\/lesexpressifs2022\/files\/2022\/07\/Affiche.jpg\"><img loading=\"lazy\" decoding=\"async\" class=\"aligncenter  wp-image-41\" src=\"http:\/\/www3.poitiers-jeunes.com\/lesexpressifs2022\/files\/2022\/07\/Affiche.jpg\" alt=\"\" width=\"652\" height=\"764\" srcset=\"https:\/\/www3.poitiers-jeunes.com\/lesexpressifs2022\/files\/2022\/07\/Affiche.jpg 1162w, https:\/\/www3.poitiers-jeunes.com\/lesexpressifs2022\/files\/2022\/07\/Affiche-256x300.jpg 256w, https:\/\/www3.poitiers-jeunes.com\/lesexpressifs2022\/files\/2022\/07\/Affiche-874x1024.jpg 874w, https:\/\/www3.poitiers-jeunes.com\/lesexpressifs2022\/files\/2022\/07\/Affiche-768x900.jpg 768w, https:\/\/www3.poitiers-jeunes.com\/lesexpressifs2022\/files\/2022\/07\/Affiche-600x703.jpg 600w, https:\/\/www3.poitiers-jeunes.com\/lesexpressifs2022\/files\/2022\/07\/Affiche-99x116.jpg 99w\" sizes=\"auto, (max-width: 652px) 100vw, 652px\" \/><\/a><\/p>\n<p style=\"text-align: center;\">UNE PROGRAMMATION PLURI-DISCIPLINAIRE<br \/>\nLes diff\u00e9rentes formes de la cr\u00e9ation actuelle sont repr\u00e9sent\u00e9es : les musiques actuelles, les arts de la rue (th\u00e9\u00e2tre, cirque, danse), la vid\u00e9o, les expositions et les performances. Lieu d\u2019exp\u00e9rimentation, le festival Les Expressifs met l\u2019accent sur l\u2019\u00e9mergence artistique et les nouvelles cr\u00e9ations. La programmation se compose de cr\u00e9ations amateurs et professionnelles.<\/p>\n<p style=\"text-align: center;\">SOUTIEN DE LA CR\u00c9ATION LOCALE AMATEUR<br \/>\nUne premi\u00e8re sc\u00e8ne pour certains, pour d\u2019autres champs d\u2019exp\u00e9rimentation de spectacles en cours de cr\u00e9ation, le festival accueille encore cette ann\u00e9e des propositions artistiques amateurs issues de la sc\u00e8ne locale.<br \/>\nEn plus d\u2019\u00eatre une vitrine, le festival Les Expressifs constitue un v\u00e9ritable soutien \u00e0 la dynamique artistique locale. Certaines des propositions sont accompagn\u00e9es et soutenues par Poitiers Jeunes tout au long de l\u2019ann\u00e9e par le biais de conseils en m\u00e9thodologie de projet, de conseils en communication et en diffusion. Le festival constitue pour ces projets un v\u00e9ritable aboutissement, et l\u2019occasion de se confronter \u00e0 des professionnels et au public.<\/p>\n<figure id=\"attachment_1149\" class=\"wp-caption aligncenter\" aria-describedby=\"caption-attachment-1149\"><figcaption id=\"caption-attachment-1149\" class=\"wp-caption-text\"><\/figcaption><\/figure>\n<figure id=\"attachment_1152\" class=\"wp-caption aligncenter\" aria-describedby=\"caption-attachment-1152\"><figcaption id=\"caption-attachment-1152\" class=\"wp-caption-text\"><\/figcaption><\/figure>\n<p style=\"text-align: center;\">AIDE A LA CR\u00c9ATION DU SPECTACLE VIVANT PROFESSIONNEL<br \/>\nLe festival Les Expressifs s\u2019attache \u00e0 programmer des cr\u00e9ations artistiques r\u00e9centes, et offre la possibilit\u00e9 pour certaines compagnies professionnelles de tester de nouvelles formes en lien avec les habitants et le territoire. Dans ce cadre-l\u00e0, le festival soutient \u00e9galement des compagnies professionnelles dans leur processus de cr\u00e9ation soit par des co-productions, soit par des pr\u00e9achats.<\/p>\n<p style=\"text-align: center;\">\n","protected":false},"excerpt":{"rendered":"<p>En octobre, Les Expressifs investissent le centre-ville de Poitiers : artistes de rues, musiciens et danseurs vous emm\u00e8nent sur des chemins insolites et inattendus ! Entre \u00e9mergences et nouvelles cr\u00e9ations, [&hellip;]<\/p>\n","protected":false},"author":1,"featured_media":46,"parent":0,"menu_order":0,"comment_status":"closed","ping_status":"closed","template":"","meta":{"footnotes":""},"class_list":["post-39","page","type-page","status-publish","has-post-thumbnail","hentry"],"_links":{"self":[{"href":"https:\/\/www3.poitiers-jeunes.com\/lesexpressifs2022\/wp-json\/wp\/v2\/pages\/39","targetHints":{"allow":["GET"]}}],"collection":[{"href":"https:\/\/www3.poitiers-jeunes.com\/lesexpressifs2022\/wp-json\/wp\/v2\/pages"}],"about":[{"href":"https:\/\/www3.poitiers-jeunes.com\/lesexpressifs2022\/wp-json\/wp\/v2\/types\/page"}],"author":[{"embeddable":true,"href":"https:\/\/www3.poitiers-jeunes.com\/lesexpressifs2022\/wp-json\/wp\/v2\/users\/1"}],"replies":[{"embeddable":true,"href":"https:\/\/www3.poitiers-jeunes.com\/lesexpressifs2022\/wp-json\/wp\/v2\/comments?post=39"}],"version-history":[{"count":5,"href":"https:\/\/www3.poitiers-jeunes.com\/lesexpressifs2022\/wp-json\/wp\/v2\/pages\/39\/revisions"}],"predecessor-version":[{"id":50,"href":"https:\/\/www3.poitiers-jeunes.com\/lesexpressifs2022\/wp-json\/wp\/v2\/pages\/39\/revisions\/50"}],"wp:featuredmedia":[{"embeddable":true,"href":"https:\/\/www3.poitiers-jeunes.com\/lesexpressifs2022\/wp-json\/wp\/v2\/media\/46"}],"wp:attachment":[{"href":"https:\/\/www3.poitiers-jeunes.com\/lesexpressifs2022\/wp-json\/wp\/v2\/media?parent=39"}],"curies":[{"name":"wp","href":"https:\/\/api.w.org\/{rel}","templated":true}]}}

<p style="text-align: center;"><strong>En octobre, Les Expressifs investissent le centre-ville de Poitiers : artistes de rues, musiciens et danseurs vous emmènent sur des chemins insolites et inattendus ! Entre émergences et nouvelles créations, tous les spectacles sont gratuits et accessibles sans réservation. Pour que notre quotidien reste ouvert aux singularités, aux utopies et aux imaginaires, rendez-vous du jeudi 6 au 9 octobre 2022 en centre-ville de Poitiers !</strong></p>
<p style="text-align: center;">
<p style="text-align: center;"><a href="http://www3.poitiers-jeunes.com/lesexpressifs2022/files/2022/07/Affiche.jpg"><img loading="lazy" decoding="async" class="aligncenter  wp-image-41" src="http://www3.poitiers-jeunes.com/lesexpressifs2022/files/2022/07/Affiche.jpg" alt="" width="652" height="764" srcset="https://www3.poitiers-jeunes.com/lesexpressifs2022/files/2022/07/Affiche.jpg 1162w, https://www3.poitiers-jeunes.com/lesexpressifs2022/files/2022/07/Affiche-256x300.jpg 256w, https://www3.poitiers-jeunes.com/lesexpressifs2022/files/2022/07/Affiche-874x1024.jpg 874w, https://www3.poitiers-jeunes.com/lesexpressifs2022/files/2022/07/Affiche-768x900.jpg 768w, https://www3.poitiers-jeunes.com/lesexpressifs2022/files/2022/07/Affiche-600x703.jpg 600w, https://www3.poitiers-jeunes.com/lesexpressifs2022/files/2022/07/Affiche-99x116.jpg 99w" sizes="auto, (max-width: 652px) 100vw, 652px" /></a></p>
<p style="text-align: center;">UNE PROGRAMMATION PLURI-DISCIPLINAIRE<br />
Les différentes formes de la création actuelle sont représentées : les musiques actuelles, les arts de la rue (théâtre, cirque, danse), la vidéo, les expositions et les performances. Lieu d’expérimentation, le festival Les Expressifs met l’accent sur l’émergence artistique et les nouvelles créations. La programmation se compose de créations amateurs et professionnelles.</p>
<p style="text-align: center;">SOUTIEN DE LA CRÉATION LOCALE AMATEUR<br />
Une première scène pour certains, pour d’autres champs d’expérimentation de spectacles en cours de création, le festival accueille encore cette année des propositions artistiques amateurs issues de la scène locale.<br />
En plus d’être une vitrine, le festival Les Expressifs constitue un véritable soutien à la dynamique artistique locale. Certaines des propositions sont accompagnées et soutenues par Poitiers Jeunes tout au long de l’année par le biais de conseils en méthodologie de projet, de conseils en communication et en diffusion. Le festival constitue pour ces projets un véritable aboutissement, et l’occasion de se confronter à des professionnels et au public.</p>
<figure id="attachment_1149" class="wp-caption aligncenter" aria-describedby="caption-attachment-1149"><figcaption id="caption-attachment-1149" class="wp-caption-text"></figcaption></figure>
<figure id="attachment_1152" class="wp-caption aligncenter" aria-describedby="caption-attachment-1152"><figcaption id="caption-attachment-1152" class="wp-caption-text"></figcaption></figure>
<p style="text-align: center;">AIDE A LA CRÉATION DU SPECTACLE VIVANT PROFESSIONNEL<br />
Le festival Les Expressifs s’attache à programmer des créations artistiques récentes, et offre la possibilité pour certaines compagnies professionnelles de tester de nouvelles formes en lien avec les habitants et le territoire. Dans ce cadre-là, le festival soutient également des compagnies professionnelles dans leur processus de création soit par des co-productions, soit par des préachats.</p>
<p style="text-align: center;">

<p>En octobre, Les Expressifs investissent le centre-ville de Poitiers : artistes de rues, musiciens et danseurs vous emmènent sur des chemins insolites et inattendus ! Entre émergences et nouvelles créations, [&hellip;]</p>
