{"id":1280,"date":"2021-09-06T14:17:37","date_gmt":"2021-09-06T12:17:37","guid":{"rendered":"http:\/\/www3.poitiers-jeunes.com\/lesexpressifs2021\/?post_type=product&#038;p=1280"},"modified":"2021-09-21T16:03:19","modified_gmt":"2021-09-21T14:03:19","slug":"le-chaos-entre-deux-chaises","status":"publish","type":"product","link":"https:\/\/www3.poitiers-jeunes.com\/lesexpressifs2021\/spectacle\/le-chaos-entre-deux-chaises\/","title":{"rendered":"Le chaos entre 2 chaises"},"content":{"rendered":"<p>World\/jazz\/folk<br \/>\nPoitiers (86)<\/p>\n<p>&nbsp;<\/p>\n<p>Entre musique du monde, folk douce et alternatif progressif, trois musicien.nes\u00a0vous entra\u00eenent dans leur voyage initiatique vers l&rsquo;ailleurs, \u00e0 la d\u00e9couverte de nouveaux horizons, souvent peupl\u00e9s de reflets m\u00e9lancoliques et d\u2019ambiances \u00e9th\u00e9r\u00e9es, parfois \u00e9nerv\u00e9s, mais toujours g\u00e9n\u00e9reux !<\/p>\n<p><a href=\"https:\/\/soundcloud.com\/lechaosentre2chaises\">https:\/\/soundcloud.com\/lechaosentre2chaises<\/a><\/p>\n<hr \/>\n<p style=\"text-align: center;\"><strong>SPECTACLE EN ACC\u00c8S LIBRE SANS R\u00c9SERVATION<\/strong><\/p>\n<p style=\"text-align: center;\"><strong><a href=\"https:\/\/www3.poitiers-jeunes.com\/lesexpressifs2021\/informations-pratiques-pass-sanitaire\/\"><span style=\"text-decoration: underline;\">&gt; Informations pratiques sur le pass sanitaire &lt;<\/span><\/a><\/strong><\/p>\n<table style=\"border-collapse: collapse; width: 100%;\">\n<tbody>\n<tr>\n<td style=\"width: 49.9637%; text-align: right;\"><strong> Horaire :<\/strong><\/td>\n<td style=\"width: 50.0363%;\"><strong>Vendredi 19h<\/strong><\/td>\n<\/tr>\n<tr>\n<td style=\"width: 49.9637%; text-align: right;\"><strong> Lieu :<\/strong><\/td>\n<td style=\"width: 50.0363%;\"><strong>Parc de Blossac<\/strong><\/td>\n<\/tr>\n<tr>\n<td style=\"width: 49.9637%; text-align: right;\"><strong> Dur\u00e9e :<\/strong><\/td>\n<td style=\"width: 50.0363%;\"><strong>45 min<\/strong><\/td>\n<\/tr>\n<\/tbody>\n<\/table>\n<hr \/>\n","protected":false},"excerpt":{"rendered":"<p>World\/jazz\/folk Poitiers (86) &nbsp; Entre musique du monde, folk douce et alternatif progressif, trois musicien.nes\u00a0vous entra\u00eenent dans leur voyage initiatique vers l&rsquo;ailleurs, \u00e0 la d\u00e9couverte de nouveaux horizons, souvent peupl\u00e9s [&hellip;]<\/p>\n","protected":false},"featured_media":1281,"template":"","meta":{"_uag_custom_page_level_css":""},"product_brand":[],"product_cat":[23],"product_tag":[30],"class_list":{"0":"post-1280","1":"product","2":"type-product","3":"status-publish","4":"has-post-thumbnail","6":"product_cat-musique","7":"product_tag-vendredi","9":"first","10":"instock","11":"shipping-taxable","12":"product-type-simple"},"uagb_featured_image_src":{"full":["https:\/\/www3.poitiers-jeunes.com\/lesexpressifs2021\/files\/2021\/09\/LCE2C-Visuel-Expressifs_1.jpg",2766,1657,false],"thumbnail":["https:\/\/www3.poitiers-jeunes.com\/lesexpressifs2021\/files\/2021\/09\/LCE2C-Visuel-Expressifs_1-150x150.jpg",150,150,true],"medium":["https:\/\/www3.poitiers-jeunes.com\/lesexpressifs2021\/files\/2021\/09\/LCE2C-Visuel-Expressifs_1-300x180.jpg",300,180,true],"medium_large":["https:\/\/www3.poitiers-jeunes.com\/lesexpressifs2021\/files\/2021\/09\/LCE2C-Visuel-Expressifs_1-768x460.jpg",768,460,true],"large":["https:\/\/www3.poitiers-jeunes.com\/lesexpressifs2021\/files\/2021\/09\/LCE2C-Visuel-Expressifs_1-1024x613.jpg",1024,613,true],"1536x1536":["https:\/\/www3.poitiers-jeunes.com\/lesexpressifs2021\/files\/2021\/09\/LCE2C-Visuel-Expressifs_1.jpg",1536,920,false],"2048x2048":["https:\/\/www3.poitiers-jeunes.com\/lesexpressifs2021\/files\/2021\/09\/LCE2C-Visuel-Expressifs_1.jpg",2048,1227,false],"oneline-lite-custom-blog":["https:\/\/www3.poitiers-jeunes.com\/lesexpressifs2021\/files\/2021\/09\/LCE2C-Visuel-Expressifs_1-275x184.jpg",275,184,true],"oneline-lite-recent-post":["https:\/\/www3.poitiers-jeunes.com\/lesexpressifs2021\/files\/2021\/09\/LCE2C-Visuel-Expressifs_1-90x90.jpg",90,90,true],"oneline-releted-post-thumb":["https:\/\/www3.poitiers-jeunes.com\/lesexpressifs2021\/files\/2021\/09\/LCE2C-Visuel-Expressifs_1-244x164.jpg",244,164,true],"woocommerce_thumbnail":["https:\/\/www3.poitiers-jeunes.com\/lesexpressifs2021\/files\/2021\/09\/LCE2C-Visuel-Expressifs_1-300x300.jpg",300,300,true],"woocommerce_single":["https:\/\/www3.poitiers-jeunes.com\/lesexpressifs2021\/files\/2021\/09\/LCE2C-Visuel-Expressifs_1-600x359.jpg",600,359,true],"woocommerce_gallery_thumbnail":["https:\/\/www3.poitiers-jeunes.com\/lesexpressifs2021\/files\/2021\/09\/LCE2C-Visuel-Expressifs_1-100x100.jpg",100,100,true],"form-edit-image-preview":["https:\/\/www3.poitiers-jeunes.com\/lesexpressifs2021\/files\/2021\/09\/LCE2C-Visuel-Expressifs_1-194x116.jpg",194,116,true],"variation_swatches_image_size":["https:\/\/www3.poitiers-jeunes.com\/lesexpressifs2021\/files\/2021\/09\/LCE2C-Visuel-Expressifs_1.jpg",50,30,false],"variation_swatches_tooltip_size":["https:\/\/www3.poitiers-jeunes.com\/lesexpressifs2021\/files\/2021\/09\/LCE2C-Visuel-Expressifs_1.jpg",100,60,false],"che_header_image":["https:\/\/www3.poitiers-jeunes.com\/lesexpressifs2021\/files\/2021\/09\/LCE2C-Visuel-Expressifs_1.jpg",2766,1657,false]},"uagb_author_info":{"display_name":"admin","author_link":"https:\/\/www3.poitiers-jeunes.com\/lesexpressifs2021\/author\/"},"uagb_comment_info":0,"uagb_excerpt":"World\/jazz\/folk Poitiers (86) &nbsp; Entre musique du monde, folk douce et alternatif progressif, trois musicien.nes\u00a0vous entra\u00eenent dans leur voyage initiatique vers l&rsquo;ailleurs, \u00e0 la d\u00e9couverte de nouveaux horizons, souvent peupl\u00e9s [&hellip;]","_links":{"self":[{"href":"https:\/\/www3.poitiers-jeunes.com\/lesexpressifs2021\/wp-json\/wp\/v2\/product\/1280","targetHints":{"allow":["GET"]}}],"collection":[{"href":"https:\/\/www3.poitiers-jeunes.com\/lesexpressifs2021\/wp-json\/wp\/v2\/product"}],"about":[{"href":"https:\/\/www3.poitiers-jeunes.com\/lesexpressifs2021\/wp-json\/wp\/v2\/types\/product"}],"wp:featuredmedia":[{"embeddable":true,"href":"https:\/\/www3.poitiers-jeunes.com\/lesexpressifs2021\/wp-json\/wp\/v2\/media\/1281"}],"wp:attachment":[{"href":"https:\/\/www3.poitiers-jeunes.com\/lesexpressifs2021\/wp-json\/wp\/v2\/media?parent=1280"}],"wp:term":[{"taxonomy":"product_brand","embeddable":true,"href":"https:\/\/www3.poitiers-jeunes.com\/lesexpressifs2021\/wp-json\/wp\/v2\/product_brand?post=1280"},{"taxonomy":"product_cat","embeddable":true,"href":"https:\/\/www3.poitiers-jeunes.com\/lesexpressifs2021\/wp-json\/wp\/v2\/product_cat?post=1280"},{"taxonomy":"product_tag","embeddable":true,"href":"https:\/\/www3.poitiers-jeunes.com\/lesexpressifs2021\/wp-json\/wp\/v2\/product_tag?post=1280"}],"curies":[{"name":"wp","href":"https:\/\/api.w.org\/{rel}","templated":true}]}}