{"id":1306,"date":"2021-09-06T15:45:39","date_gmt":"2021-09-06T13:45:39","guid":{"rendered":"http:\/\/www3.poitiers-jeunes.com\/lesexpressifs2021\/?post_type=product&#038;p=1306"},"modified":"2021-09-16T16:46:10","modified_gmt":"2021-09-16T14:46:10","slug":"teatro-golondrino","status":"publish","type":"product","link":"http:\/\/www3.poitiers-jeunes.com\/lesexpressifs2021\/spectacle\/teatro-golondrino\/","title":{"rendered":"Teatro Golondrino"},"content":{"rendered":"<h2>Les petites histoires f\u00e9lines vol 1\u00a0: L&rsquo;\u00e9vad\u00e9e<\/h2>\n<p>Marionnettes \u00e0 fils<br \/>\nMoriat (63)<\/p>\n<p>L&rsquo;histoire d&rsquo;un chat gardien d&rsquo;un coffre. Son r\u00f4le: que rien ne s&rsquo;en \u00e9chappe, pas m\u00eame un souffle. C&rsquo;est alors et contre toute attente qu\u2019un \u00eatre des plus improbables tente l&rsquo;\u00e9chapp\u00e9e&#8230; Une fable sans parole o\u00f9 nous sont racont\u00e9es l&rsquo;ardeur et la pers\u00e9v\u00e9rance de deux \u00eatres li\u00e9s par un destin inattendu.<\/p>\n<p>A partir de 3 ans.<br \/>\nDur\u00e9e : 30 min.<br \/>\nAnn\u00e9e de cr\u00e9ation : 2016.<\/p>\n<p><a href=\"https:\/\/teatrogolondrino.over-blog.com\/\">https:\/\/teatrogolondrino.over-blog.com\/<\/a><\/p>\n<p><iframe loading=\"lazy\" src=\"\/\/player.vimeo.com\/video\/205879275?title=0&amp;byline=0&amp;portrait=0&amp;color=8dc7dc\" width=\"425\" height=\"240\" allowfullscreen=\"allowfullscreen\"><\/iframe><\/p>\n<hr \/>\n<p style=\"text-align: center;\"><strong>SPECTACLE EN ACC\u00c8S LIBRE SANS R\u00c9SERVATION<\/strong><\/p>\n<p style=\"text-align: center;\"><strong><a href=\"https:\/\/www3.poitiers-jeunes.com\/lesexpressifs2021\/informations-pratiques-pass-sanitaire\/\"><span style=\"text-decoration: underline;\">&gt; Informations pratiques sur le pass sanitaire &lt;<\/span><\/a><\/strong><\/p>\n<table style=\"border-collapse: collapse; width: 100%;\">\n<tbody>\n<tr>\n<td style=\"width: 49.9637%; text-align: right;\"><strong> Horaire :<\/strong><\/td>\n<td style=\"width: 50.0363%;\"><strong>Samedi 15h30<br \/>\nSamedi 17h30<br \/>\nDimanche 16h00<\/strong><\/td>\n<\/tr>\n<tr>\n<td style=\"width: 49.9637%; text-align: right;\"><strong> Lieu :<\/strong><\/td>\n<td style=\"width: 50.0363%;\"><strong>Parc de Blossac<\/strong><\/td>\n<\/tr>\n<tr>\n<td style=\"width: 49.9637%; text-align: right;\"><strong> Dur\u00e9e :<\/strong><\/td>\n<td style=\"width: 50.0363%;\"><strong>30 min<\/strong><\/td>\n<\/tr>\n<\/tbody>\n<\/table>\n<hr \/>\n","protected":false},"excerpt":{"rendered":"<p>Les petites histoires f\u00e9lines vol 1\u00a0: L&rsquo;\u00e9vad\u00e9e Marionnettes \u00e0 fils Moriat (63) L&rsquo;histoire d&rsquo;un chat gardien d&rsquo;un coffre. Son r\u00f4le: que rien ne s&rsquo;en \u00e9chappe, pas m\u00eame un souffle. C&rsquo;est [&hellip;]<\/p>\n","protected":false},"featured_media":1307,"template":"","meta":{"_uag_custom_page_level_css":""},"product_brand":[],"product_cat":[15],"product_tag":[28,27],"class_list":{"0":"post-1306","1":"product","2":"type-product","3":"status-publish","4":"has-post-thumbnail","6":"product_cat-autre","7":"product_tag-dimanche","8":"product_tag-samedi","10":"first","11":"instock","12":"shipping-taxable","13":"product-type-simple"},"uagb_featured_image_src":{"full":["http:\/\/www3.poitiers-jeunes.com\/lesexpressifs2021\/files\/2021\/09\/HYPO-ET-ENSELMO-Croes.jpg",4058,2700,false],"thumbnail":["http:\/\/www3.poitiers-jeunes.com\/lesexpressifs2021\/files\/2021\/09\/HYPO-ET-ENSELMO-Croes-150x150.jpg",150,150,true],"medium":["http:\/\/www3.poitiers-jeunes.com\/lesexpressifs2021\/files\/2021\/09\/HYPO-ET-ENSELMO-Croes-300x200.jpg",300,200,true],"medium_large":["http:\/\/www3.poitiers-jeunes.com\/lesexpressifs2021\/files\/2021\/09\/HYPO-ET-ENSELMO-Croes-768x511.jpg",768,511,true],"large":["http:\/\/www3.poitiers-jeunes.com\/lesexpressifs2021\/files\/2021\/09\/HYPO-ET-ENSELMO-Croes-1024x681.jpg",1024,681,true],"1536x1536":["http:\/\/www3.poitiers-jeunes.com\/lesexpressifs2021\/files\/2021\/09\/HYPO-ET-ENSELMO-Croes.jpg",1536,1022,false],"2048x2048":["http:\/\/www3.poitiers-jeunes.com\/lesexpressifs2021\/files\/2021\/09\/HYPO-ET-ENSELMO-Croes.jpg",2048,1363,false],"oneline-lite-custom-blog":["http:\/\/www3.poitiers-jeunes.com\/lesexpressifs2021\/files\/2021\/09\/HYPO-ET-ENSELMO-Croes-275x184.jpg",275,184,true],"oneline-lite-recent-post":["http:\/\/www3.poitiers-jeunes.com\/lesexpressifs2021\/files\/2021\/09\/HYPO-ET-ENSELMO-Croes-90x90.jpg",90,90,true],"oneline-releted-post-thumb":["http:\/\/www3.poitiers-jeunes.com\/lesexpressifs2021\/files\/2021\/09\/HYPO-ET-ENSELMO-Croes-244x164.jpg",244,164,true],"woocommerce_thumbnail":["http:\/\/www3.poitiers-jeunes.com\/lesexpressifs2021\/files\/2021\/09\/HYPO-ET-ENSELMO-Croes-300x300.jpg",300,300,true],"woocommerce_single":["http:\/\/www3.poitiers-jeunes.com\/lesexpressifs2021\/files\/2021\/09\/HYPO-ET-ENSELMO-Croes-600x399.jpg",600,399,true],"woocommerce_gallery_thumbnail":["http:\/\/www3.poitiers-jeunes.com\/lesexpressifs2021\/files\/2021\/09\/HYPO-ET-ENSELMO-Croes-100x100.jpg",100,100,true],"form-edit-image-preview":["http:\/\/www3.poitiers-jeunes.com\/lesexpressifs2021\/files\/2021\/09\/HYPO-ET-ENSELMO-Croes-174x116.jpg",174,116,true],"variation_swatches_image_size":["http:\/\/www3.poitiers-jeunes.com\/lesexpressifs2021\/files\/2021\/09\/HYPO-ET-ENSELMO-Croes.jpg",50,33,false],"variation_swatches_tooltip_size":["http:\/\/www3.poitiers-jeunes.com\/lesexpressifs2021\/files\/2021\/09\/HYPO-ET-ENSELMO-Croes.jpg",100,67,false],"che_header_image":["http:\/\/www3.poitiers-jeunes.com\/lesexpressifs2021\/files\/2021\/09\/HYPO-ET-ENSELMO-Croes.jpg",4058,2700,false]},"uagb_author_info":{"display_name":"admin","author_link":"http:\/\/www3.poitiers-jeunes.com\/lesexpressifs2021\/author\/"},"uagb_comment_info":0,"uagb_excerpt":"Les petites histoires f\u00e9lines vol 1\u00a0: L&rsquo;\u00e9vad\u00e9e Marionnettes \u00e0 fils Moriat (63) L&rsquo;histoire d&rsquo;un chat gardien d&rsquo;un coffre. Son r\u00f4le: que rien ne s&rsquo;en \u00e9chappe, pas m\u00eame un souffle. C&rsquo;est [&hellip;]","_links":{"self":[{"href":"http:\/\/www3.poitiers-jeunes.com\/lesexpressifs2021\/wp-json\/wp\/v2\/product\/1306","targetHints":{"allow":["GET"]}}],"collection":[{"href":"http:\/\/www3.poitiers-jeunes.com\/lesexpressifs2021\/wp-json\/wp\/v2\/product"}],"about":[{"href":"http:\/\/www3.poitiers-jeunes.com\/lesexpressifs2021\/wp-json\/wp\/v2\/types\/product"}],"wp:featuredmedia":[{"embeddable":true,"href":"http:\/\/www3.poitiers-jeunes.com\/lesexpressifs2021\/wp-json\/wp\/v2\/media\/1307"}],"wp:attachment":[{"href":"http:\/\/www3.poitiers-jeunes.com\/lesexpressifs2021\/wp-json\/wp\/v2\/media?parent=1306"}],"wp:term":[{"taxonomy":"product_brand","embeddable":true,"href":"http:\/\/www3.poitiers-jeunes.com\/lesexpressifs2021\/wp-json\/wp\/v2\/product_brand?post=1306"},{"taxonomy":"product_cat","embeddable":true,"href":"http:\/\/www3.poitiers-jeunes.com\/lesexpressifs2021\/wp-json\/wp\/v2\/product_cat?post=1306"},{"taxonomy":"product_tag","embeddable":true,"href":"http:\/\/www3.poitiers-jeunes.com\/lesexpressifs2021\/wp-json\/wp\/v2\/product_tag?post=1306"}],"curies":[{"name":"wp","href":"https:\/\/api.w.org\/{rel}","templated":true}]}}

<h2>Les petites histoires félines vol 1 : L&rsquo;évadée</h2>
<p>Marionnettes à fils<br />
Moriat (63)</p>
<p>L&rsquo;histoire d&rsquo;un chat gardien d&rsquo;un coffre. Son rôle: que rien ne s&rsquo;en échappe, pas même un souffle. C&rsquo;est alors et contre toute attente qu’un être des plus improbables tente l&rsquo;échappée&#8230; Une fable sans parole où nous sont racontées l&rsquo;ardeur et la persévérance de deux êtres liés par un destin inattendu.</p>
<p>A partir de 3 ans.<br />
Durée : 30 min.<br />
Année de création : 2016.</p>
<p><a href="https://teatrogolondrino.over-blog.com/">https://teatrogolondrino.over-blog.com/</a></p>
<p><iframe loading="lazy" src="//player.vimeo.com/video/205879275?title=0&amp;byline=0&amp;portrait=0&amp;color=8dc7dc" width="425" height="240" allowfullscreen="allowfullscreen"></iframe></p>
<hr />
<p style="text-align: center;"><strong>SPECTACLE EN ACCÈS LIBRE SANS RÉSERVATION</strong></p>
<p style="text-align: center;"><strong><a href="https://www3.poitiers-jeunes.com/lesexpressifs2021/informations-pratiques-pass-sanitaire/"><span style="text-decoration: underline;">&gt; Informations pratiques sur le pass sanitaire &lt;</span></a></strong></p>
<table style="border-collapse: collapse; width: 100%;">
<tbody>
<tr>
<td style="width: 49.9637%; text-align: right;"><strong> Horaire :</strong></td>
<td style="width: 50.0363%;"><strong>Samedi 15h30<br />
Samedi 17h30<br />
Dimanche 16h00</strong></td>
</tr>
<tr>
<td style="width: 49.9637%; text-align: right;"><strong> Lieu :</strong></td>
<td style="width: 50.0363%;"><strong>Parc de Blossac</strong></td>
</tr>
<tr>
<td style="width: 49.9637%; text-align: right;"><strong> Durée :</strong></td>
<td style="width: 50.0363%;"><strong>30 min</strong></td>
</tr>
</tbody>
</table>
<hr />

<p>Les petites histoires félines vol 1 : L&rsquo;évadée Marionnettes à fils Moriat (63) L&rsquo;histoire d&rsquo;un chat gardien d&rsquo;un coffre. Son rôle: que rien ne s&rsquo;en échappe, pas même un souffle. C&rsquo;est [&hellip;]</p>

Les petites histoires félines vol 1 : L&rsquo;évadée Marionnettes à fils Moriat (63) L&rsquo;histoire d&rsquo;un chat gardien d&rsquo;un coffre. Son rôle: que rien ne s&rsquo;en échappe, pas même un souffle. C&rsquo;est [&hellip;]
