{"id":1303,"date":"2021-09-06T15:41:10","date_gmt":"2021-09-06T13:41:10","guid":{"rendered":"http:\/\/www3.poitiers-jeunes.com\/lesexpressifs2021\/?post_type=product&#038;p=1303"},"modified":"2021-09-16T16:43:14","modified_gmt":"2021-09-16T14:43:14","slug":"studio-monstre","status":"publish","type":"product","link":"http:\/\/www3.poitiers-jeunes.com\/lesexpressifs2021\/spectacle\/studio-monstre\/","title":{"rendered":"Studio Monstre"},"content":{"rendered":"<h2>Les toilettes de l&rsquo;entreprise<\/h2>\n<p>Com\u00e9die surnaturelle<br \/>\nFontaine-le-Comte (86)<\/p>\n<p>&nbsp;<\/p>\n<p>Usine Farbo, d\u00e9coration de flacons en verre pour la parfumerie. Michel, un employ\u00e9, est t\u00e9moin de la disparition de son coll\u00e8gue J\u00e9r\u00e9mie dans les toilettes du personnel\u2026. A partir de cette intrigue, le monde de l\u2019entreprise devient le th\u00e9\u00e2tre d\u2019un polar fantastique. Le groupe de com\u00e9dien-nes-narrateurs entraine les spectateurs \u00e0 r\u00e9soudre le myst\u00e8re de ces disparitions, aux c\u00f4t\u00e9s des employ\u00e9s de l\u2019entreprise Farbo.<\/p>\n<p>Adapt\u00e9 du texte dramatique de Tristan Choisel, laur\u00e9at Artcena 2020, la cie Studio Monstres s\u2019empare de cette \u00e9criture cisel\u00e9e et dr\u00f4le qui laissent aux 5 com\u00e9dien-nes un terrain de jeu sans limite.\u00a0 A un rythme haletant et avec un humour ravageur, Tristan Choisel nous am\u00e8ne \u00e0 une r\u00e9flexion philosophique sur ce que nous appelons \u00ab\u00a0l\u2019esprit d\u2019entreprise\u00a0\u00bb. Une enqu\u00eate polici\u00e8re qui tourne \u00e0 la farce, au surnaturel\u00a0 pour d\u00e9peindre avec jubilation les absurdit\u00e9s de notre monde d\u2019aujourd\u2019hui.<\/p>\n<p>L\u2019histoire\u00a0:<\/p>\n<p>Usine Farbo, deux-cent cinquante employ\u00e9s. D\u00e9coration de flacons en verre pour la parfumerie. Michel, agent de production, est t\u00e9moin de la disparition surnaturelle de son coll\u00e8gue J\u00e9r\u00e9mie dans les toilettes du personnel. La direction et la police soup\u00e7onnent la concurrence d\u2019avoir soudoy\u00e9 les deux hommes : le premier pour qu\u2019il raconte cette histoire farfelue, le second pour qu\u2019il disparaisse dans la nature, dans le but de semer la panique dans l\u2019entreprise. Mais quelques jours plus tard, c\u2019est Pascaline Baillot, une autre agente de production, qui n\u2019est pas de retour \u00e0 son poste apr\u00e8s la pause. On accuse de nouveau la concurrence, mais les soup\u00e7ons se portent petit \u00e0 petit sur les toilettes elles-m\u00eames : seraient-elles colonis\u00e9es par des extraterrestres ou des fant\u00f4mes ? La situation devient vite\u00a0hors de contr\u00f4le et la direction exasp\u00e9r\u00e9e convoque en urgence des sp\u00e9cialistes du paranormal afin de r\u00e9soudre le myst\u00e8re&#8230;<\/p>\n<p>D\u2019apr\u00e8s Les toilettes de l&rsquo;entreprise de Tristan Choisel<\/p>\n<p>Distribution<\/p>\n<p>Mise en sc\u00e8ne : Mathilde Souchaud<br \/>\nAvec Antoine Amblard, Laurent Cogez, Perrine Dauger, Lise Quet et Delphy Murzeau<br \/>\nAdministration : Julie Reynard \/ JR Company<\/p>\n<p>Une production Studio monstre. En co-production avec le Th\u00e9\u00e2tre de Thouars-sc\u00e8ne conventionn\u00e9e, La Nef, la Drac Nouvelle-Aquitaine. Avec le soutien des 3T-Sc\u00e8ne conventionn\u00e9e de Ch\u00e2tellerault, la ville de Saze, la ville de Mormoiron. Studio monstre b\u00e9n\u00e9ficie du soutien de la R\u00e9gion Nouvelle-Aquitaine et du d\u00e9partement de la Seine-Saint-Denis.<\/p>\n<p>Les toilettes de l&rsquo;entreprise est un texte laur\u00e9at de l&rsquo;aide \u00e0 la cr\u00e9ation d&rsquo;Artcena.<\/p>\n<p>Ann\u00e9e de cr\u00e9ation : 2021<br \/>\nDur\u00e9e du spectacle : 1h20<br \/>\n\u00c0 partir de 11 ans.<\/p>\n<p><a href=\"http:\/\/studiomonstreadm.wixsite.com\/studiomonstre\">http:\/\/studiomonstreadm.wixsite.com\/studiomonstre<\/a><\/p>\n<hr \/>\n<p style=\"text-align: center;\"><strong>SPECTACLE EN ACC\u00c8S LIBRE SANS R\u00c9SERVATION<\/strong><\/p>\n<p style=\"text-align: center;\"><strong><a href=\"https:\/\/www3.poitiers-jeunes.com\/lesexpressifs2021\/informations-pratiques-pass-sanitaire\/\"><span style=\"text-decoration: underline;\">&gt; Informations pratiques sur le pass sanitaire &lt;<\/span><\/a><\/strong><\/p>\n<table style=\"border-collapse: collapse; width: 100%;\">\n<tbody>\n<tr>\n<td style=\"width: 49.9637%; text-align: right;\"><strong> Horaire &amp; lieu :<\/strong><\/td>\n<td style=\"width: 50.0363%;\"><strong>Samedi 17h00, Mus\u00e9e Ste Croix<\/strong><\/td>\n<\/tr>\n<tr>\n<td style=\"width: 49.9637%; text-align: right;\"><strong> Horaire &amp; lieu:<\/strong><\/td>\n<td style=\"width: 50.0363%;\"><strong>Dimanche 16h00, Cour arri\u00e8re Mairie<\/strong><\/td>\n<\/tr>\n<tr>\n<td style=\"width: 49.9637%; text-align: right;\"><strong> Dur\u00e9e :<\/strong><\/td>\n<td style=\"width: 50.0363%;\"><strong> 1h30<\/strong><\/td>\n<\/tr>\n<\/tbody>\n<\/table>\n<hr \/>\n","protected":false},"excerpt":{"rendered":"<p>Les toilettes de l&rsquo;entreprise Com\u00e9die surnaturelle Fontaine-le-Comte (86) &nbsp; Usine Farbo, d\u00e9coration de flacons en verre pour la parfumerie. Michel, un employ\u00e9, est t\u00e9moin de la disparition de son coll\u00e8gue [&hellip;]<\/p>\n","protected":false},"featured_media":1305,"template":"","meta":{"_uag_custom_page_level_css":""},"product_brand":[],"product_cat":[22],"product_tag":[28,27],"class_list":{"0":"post-1303","1":"product","2":"type-product","3":"status-publish","4":"has-post-thumbnail","6":"product_cat-theatre","7":"product_tag-dimanche","8":"product_tag-samedi","10":"first","11":"instock","12":"shipping-taxable","13":"product-type-simple"},"uagb_featured_image_src":{"full":["http:\/\/www3.poitiers-jeunes.com\/lesexpressifs2021\/files\/2021\/09\/Studio-monstre-credit-Studio-monstre.jpg",1080,1037,false],"thumbnail":["http:\/\/www3.poitiers-jeunes.com\/lesexpressifs2021\/files\/2021\/09\/Studio-monstre-credit-Studio-monstre-150x150.jpg",150,150,true],"medium":["http:\/\/www3.poitiers-jeunes.com\/lesexpressifs2021\/files\/2021\/09\/Studio-monstre-credit-Studio-monstre-300x288.jpg",300,288,true],"medium_large":["http:\/\/www3.poitiers-jeunes.com\/lesexpressifs2021\/files\/2021\/09\/Studio-monstre-credit-Studio-monstre-768x737.jpg",768,737,true],"large":["http:\/\/www3.poitiers-jeunes.com\/lesexpressifs2021\/files\/2021\/09\/Studio-monstre-credit-Studio-monstre-1024x983.jpg",1024,983,true],"1536x1536":["http:\/\/www3.poitiers-jeunes.com\/lesexpressifs2021\/files\/2021\/09\/Studio-monstre-credit-Studio-monstre.jpg",1080,1037,false],"2048x2048":["http:\/\/www3.poitiers-jeunes.com\/lesexpressifs2021\/files\/2021\/09\/Studio-monstre-credit-Studio-monstre.jpg",1080,1037,false],"oneline-lite-custom-blog":["http:\/\/www3.poitiers-jeunes.com\/lesexpressifs2021\/files\/2021\/09\/Studio-monstre-credit-Studio-monstre-275x184.jpg",275,184,true],"oneline-lite-recent-post":["http:\/\/www3.poitiers-jeunes.com\/lesexpressifs2021\/files\/2021\/09\/Studio-monstre-credit-Studio-monstre-90x90.jpg",90,90,true],"oneline-releted-post-thumb":["http:\/\/www3.poitiers-jeunes.com\/lesexpressifs2021\/files\/2021\/09\/Studio-monstre-credit-Studio-monstre-244x164.jpg",244,164,true],"woocommerce_thumbnail":["http:\/\/www3.poitiers-jeunes.com\/lesexpressifs2021\/files\/2021\/09\/Studio-monstre-credit-Studio-monstre-300x300.jpg",300,300,true],"woocommerce_single":["http:\/\/www3.poitiers-jeunes.com\/lesexpressifs2021\/files\/2021\/09\/Studio-monstre-credit-Studio-monstre-600x576.jpg",600,576,true],"woocommerce_gallery_thumbnail":["http:\/\/www3.poitiers-jeunes.com\/lesexpressifs2021\/files\/2021\/09\/Studio-monstre-credit-Studio-monstre-100x100.jpg",100,100,true],"form-edit-image-preview":["http:\/\/www3.poitiers-jeunes.com\/lesexpressifs2021\/files\/2021\/09\/Studio-monstre-credit-Studio-monstre-121x116.jpg",121,116,true],"variation_swatches_image_size":["http:\/\/www3.poitiers-jeunes.com\/lesexpressifs2021\/files\/2021\/09\/Studio-monstre-credit-Studio-monstre.jpg",50,48,false],"variation_swatches_tooltip_size":["http:\/\/www3.poitiers-jeunes.com\/lesexpressifs2021\/files\/2021\/09\/Studio-monstre-credit-Studio-monstre.jpg",100,96,false],"che_header_image":["http:\/\/www3.poitiers-jeunes.com\/lesexpressifs2021\/files\/2021\/09\/Studio-monstre-credit-Studio-monstre.jpg",1080,1037,false]},"uagb_author_info":{"display_name":"admin","author_link":"http:\/\/www3.poitiers-jeunes.com\/lesexpressifs2021\/author\/"},"uagb_comment_info":0,"uagb_excerpt":"Les toilettes de l&rsquo;entreprise Com\u00e9die surnaturelle Fontaine-le-Comte (86) &nbsp; Usine Farbo, d\u00e9coration de flacons en verre pour la parfumerie. Michel, un employ\u00e9, est t\u00e9moin de la disparition de son coll\u00e8gue [&hellip;]","_links":{"self":[{"href":"http:\/\/www3.poitiers-jeunes.com\/lesexpressifs2021\/wp-json\/wp\/v2\/product\/1303","targetHints":{"allow":["GET"]}}],"collection":[{"href":"http:\/\/www3.poitiers-jeunes.com\/lesexpressifs2021\/wp-json\/wp\/v2\/product"}],"about":[{"href":"http:\/\/www3.poitiers-jeunes.com\/lesexpressifs2021\/wp-json\/wp\/v2\/types\/product"}],"wp:featuredmedia":[{"embeddable":true,"href":"http:\/\/www3.poitiers-jeunes.com\/lesexpressifs2021\/wp-json\/wp\/v2\/media\/1305"}],"wp:attachment":[{"href":"http:\/\/www3.poitiers-jeunes.com\/lesexpressifs2021\/wp-json\/wp\/v2\/media?parent=1303"}],"wp:term":[{"taxonomy":"product_brand","embeddable":true,"href":"http:\/\/www3.poitiers-jeunes.com\/lesexpressifs2021\/wp-json\/wp\/v2\/product_brand?post=1303"},{"taxonomy":"product_cat","embeddable":true,"href":"http:\/\/www3.poitiers-jeunes.com\/lesexpressifs2021\/wp-json\/wp\/v2\/product_cat?post=1303"},{"taxonomy":"product_tag","embeddable":true,"href":"http:\/\/www3.poitiers-jeunes.com\/lesexpressifs2021\/wp-json\/wp\/v2\/product_tag?post=1303"}],"curies":[{"name":"wp","href":"https:\/\/api.w.org\/{rel}","templated":true}]}}