{"id":1294,"date":"2021-09-06T15:06:56","date_gmt":"2021-09-06T13:06:56","guid":{"rendered":"http:\/\/www3.poitiers-jeunes.com\/lesexpressifs2021\/?post_type=product&#038;p=1294"},"modified":"2021-09-16T16:38:40","modified_gmt":"2021-09-16T14:38:40","slug":"orchestre-des-champs-elysees","status":"publish","type":"product","link":"http:\/\/www3.poitiers-jeunes.com\/lesexpressifs2021\/spectacle\/orchestre-des-champs-elysees\/","title":{"rendered":"Orchestre des Champs-Elys\u00e9es"},"content":{"rendered":"<h2>Shutter Island<\/h2>\n<p>Lecture musicale \/ Th\u00e9\u00e2tre \/ Musique classique<br \/>\nParis (75) \/ Poitiers (86)<\/p>\n<p>&nbsp;<\/p>\n<p>\u00ab Jolie musique\u2026 c\u2019est du Brahms ? \u2026. Non. C\u2019est Mahler\u2026 \u00bb<\/p>\n<p>C\u2019est de ces quelques lignes du roman de Dennis Lehane, Shutter Island, adapt\u00e9 au cin\u00e9ma par M. Scorsese en 2010 qu\u2019est n\u00e9e cette collaboration entre l\u2019Orchestre des Champs-\u00c9lys\u00e9es et la compagnie Le Th\u00e9\u00e2tre dans la for\u00eat. Une lecture conduite par \u00c9milie Le Borgne accompagn\u00e9e de quatre musiciens qui ont construit \u00e0 partir du Quatuor avec piano inachev\u00e9 de G. Mahler une v\u00e9ritable bande originale aux ambiances angoissantes et myst\u00e9rieuses.<\/p>\n<p>Shutter Island est une petite \u00eele au large de Boston o\u00f9 un h\u00f4pital psychiatrique semblable \u00e0 une forteresse accueille des pensionnaires atteints de troubles mentaux graves et coupables de crimes abominables. Un matin de septembre 1954, le marshal Teddy Daniels et son \u00e9quipier Chuck Aule d\u00e9barquent pour enqu\u00eater sur l\u2019\u00e9vasion de Rachel, une patiente intern\u00e9e apr\u00e8s avoir noy\u00e9 ses trois enfants.<\/p>\n<p>Ce projet s\u2019inscrit dans le cadre de la \u00ab Nouvelle Odyss\u00e9e \u00bb Poitiers de l\u2019Orchestre des Champs-\u00c9lys\u00e9es. Deux semaines d\u2019immersion dans le territoire pictavien en invitant \u00e0 repenser les rapports entre habitants, artistes, et acteurs publics et priv\u00e9s, et en construisant collectivement un projet de partage et de culture.<\/p>\n<p>Ann\u00e9e de cr\u00e9ation : 2021<br \/>\nDur\u00e9e du spectacle : 1h15<br \/>\n\u00c2ge minimum conseill\u00e9 : 15 ans<\/p>\n<p><a href=\"https:\/\/orchestredeschampselysees.com\/\">https:\/\/orchestredeschampselysees.com\/<\/a><\/p>\n<hr \/>\n<p style=\"text-align: center;\"><strong>SPECTACLE EN ACC\u00c8S LIBRE SUR R\u00c9SERVATION<\/strong><\/p>\n<p style=\"text-align: center;\"><a href=\"https:\/\/www3.poitiers-jeunes.com\/lesexpressifs2021\/informations-pratiques-pass-sanitaire\/\"><strong><span style=\"text-decoration: underline;\">Billets gratuits \u00e0 l&rsquo;accueil public du festival<\/span><\/strong><\/a><\/p>\n<p style=\"text-align: center;\"><strong><a href=\"https:\/\/www3.poitiers-jeunes.com\/lesexpressifs2021\/informations-pratiques-pass-sanitaire\/\"><span style=\"text-decoration: underline;\">&gt; Informations pratiques sur le pass sanitaire &lt;<\/span><\/a><\/strong><\/p>\n<table style=\"border-collapse: collapse; width: 100%;\">\n<tbody>\n<tr>\n<td style=\"width: 49.9637%; text-align: right;\"><strong> Horaire :<\/strong><\/td>\n<td style=\"width: 50.0363%;\"><strong>Samedi 15h00<br \/>\nSamedi 20h00<\/strong><\/td>\n<\/tr>\n<tr>\n<td style=\"width: 49.9637%; text-align: right;\"><strong> Lieu :<\/strong><\/td>\n<td style=\"width: 50.0363%;\"><strong> Mus\u00e9e Ste Croix<\/strong><\/td>\n<\/tr>\n<tr>\n<td style=\"width: 49.9637%; text-align: right;\"><strong> Dur\u00e9e :<\/strong><\/td>\n<td style=\"width: 50.0363%;\"><strong> 1h15<\/strong><\/td>\n<\/tr>\n<\/tbody>\n<\/table>\n<hr \/>\n","protected":false},"excerpt":{"rendered":"<p>Shutter Island Lecture musicale \/ Th\u00e9\u00e2tre \/ Musique classique Paris (75) \/ Poitiers (86) &nbsp; \u00ab Jolie musique\u2026 c\u2019est du Brahms ? \u2026. Non. C\u2019est Mahler\u2026 \u00bb C\u2019est de ces [&hellip;]<\/p>\n","protected":false},"featured_media":1295,"template":"","meta":{"_uag_custom_page_level_css":""},"product_brand":[],"product_cat":[23,22],"product_tag":[27],"class_list":{"0":"post-1294","1":"product","2":"type-product","3":"status-publish","4":"has-post-thumbnail","6":"product_cat-musique","7":"product_cat-theatre","8":"product_tag-samedi","10":"first","11":"instock","12":"shipping-taxable","13":"product-type-simple"},"uagb_featured_image_src":{"full":["http:\/\/www3.poitiers-jeunes.com\/lesexpressifs2021\/files\/2021\/09\/Islandcreditjorik-kleen.jpg",5332,3555,false],"thumbnail":["http:\/\/www3.poitiers-jeunes.com\/lesexpressifs2021\/files\/2021\/09\/Islandcreditjorik-kleen-150x150.jpg",150,150,true],"medium":["http:\/\/www3.poitiers-jeunes.com\/lesexpressifs2021\/files\/2021\/09\/Islandcreditjorik-kleen-300x200.jpg",300,200,true],"medium_large":["http:\/\/www3.poitiers-jeunes.com\/lesexpressifs2021\/files\/2021\/09\/Islandcreditjorik-kleen-768x512.jpg",768,512,true],"large":["http:\/\/www3.poitiers-jeunes.com\/lesexpressifs2021\/files\/2021\/09\/Islandcreditjorik-kleen-1024x683.jpg",1024,683,true],"1536x1536":["http:\/\/www3.poitiers-jeunes.com\/lesexpressifs2021\/files\/2021\/09\/Islandcreditjorik-kleen.jpg",1536,1024,false],"2048x2048":["http:\/\/www3.poitiers-jeunes.com\/lesexpressifs2021\/files\/2021\/09\/Islandcreditjorik-kleen.jpg",2048,1365,false],"oneline-lite-custom-blog":["http:\/\/www3.poitiers-jeunes.com\/lesexpressifs2021\/files\/2021\/09\/Islandcreditjorik-kleen-275x184.jpg",275,184,true],"oneline-lite-recent-post":["http:\/\/www3.poitiers-jeunes.com\/lesexpressifs2021\/files\/2021\/09\/Islandcreditjorik-kleen-90x90.jpg",90,90,true],"oneline-releted-post-thumb":["http:\/\/www3.poitiers-jeunes.com\/lesexpressifs2021\/files\/2021\/09\/Islandcreditjorik-kleen-244x164.jpg",244,164,true],"woocommerce_thumbnail":["http:\/\/www3.poitiers-jeunes.com\/lesexpressifs2021\/files\/2021\/09\/Islandcreditjorik-kleen-300x300.jpg",300,300,true],"woocommerce_single":["http:\/\/www3.poitiers-jeunes.com\/lesexpressifs2021\/files\/2021\/09\/Islandcreditjorik-kleen-600x400.jpg",600,400,true],"woocommerce_gallery_thumbnail":["http:\/\/www3.poitiers-jeunes.com\/lesexpressifs2021\/files\/2021\/09\/Islandcreditjorik-kleen-100x100.jpg",100,100,true],"form-edit-image-preview":["http:\/\/www3.poitiers-jeunes.com\/lesexpressifs2021\/files\/2021\/09\/Islandcreditjorik-kleen-174x116.jpg",174,116,true],"variation_swatches_image_size":["http:\/\/www3.poitiers-jeunes.com\/lesexpressifs2021\/files\/2021\/09\/Islandcreditjorik-kleen.jpg",50,33,false],"variation_swatches_tooltip_size":["http:\/\/www3.poitiers-jeunes.com\/lesexpressifs2021\/files\/2021\/09\/Islandcreditjorik-kleen.jpg",100,67,false],"che_header_image":["http:\/\/www3.poitiers-jeunes.com\/lesexpressifs2021\/files\/2021\/09\/Islandcreditjorik-kleen.jpg",5332,3555,false]},"uagb_author_info":{"display_name":"admin","author_link":"http:\/\/www3.poitiers-jeunes.com\/lesexpressifs2021\/author\/"},"uagb_comment_info":0,"uagb_excerpt":"Shutter Island Lecture musicale \/ Th\u00e9\u00e2tre \/ Musique classique Paris (75) \/ Poitiers (86) &nbsp; \u00ab Jolie musique\u2026 c\u2019est du Brahms ? \u2026. Non. C\u2019est Mahler\u2026 \u00bb C\u2019est de ces [&hellip;]","_links":{"self":[{"href":"http:\/\/www3.poitiers-jeunes.com\/lesexpressifs2021\/wp-json\/wp\/v2\/product\/1294","targetHints":{"allow":["GET"]}}],"collection":[{"href":"http:\/\/www3.poitiers-jeunes.com\/lesexpressifs2021\/wp-json\/wp\/v2\/product"}],"about":[{"href":"http:\/\/www3.poitiers-jeunes.com\/lesexpressifs2021\/wp-json\/wp\/v2\/types\/product"}],"wp:featuredmedia":[{"embeddable":true,"href":"http:\/\/www3.poitiers-jeunes.com\/lesexpressifs2021\/wp-json\/wp\/v2\/media\/1295"}],"wp:attachment":[{"href":"http:\/\/www3.poitiers-jeunes.com\/lesexpressifs2021\/wp-json\/wp\/v2\/media?parent=1294"}],"wp:term":[{"taxonomy":"product_brand","embeddable":true,"href":"http:\/\/www3.poitiers-jeunes.com\/lesexpressifs2021\/wp-json\/wp\/v2\/product_brand?post=1294"},{"taxonomy":"product_cat","embeddable":true,"href":"http:\/\/www3.poitiers-jeunes.com\/lesexpressifs2021\/wp-json\/wp\/v2\/product_cat?post=1294"},{"taxonomy":"product_tag","embeddable":true,"href":"http:\/\/www3.poitiers-jeunes.com\/lesexpressifs2021\/wp-json\/wp\/v2\/product_tag?post=1294"}],"curies":[{"name":"wp","href":"https:\/\/api.w.org\/{rel}","templated":true}]}}

Orchestre des Champs-Elysées

<h2>Shutter Island</h2>
<p>Lecture musicale / Théâtre / Musique classique<br />
Paris (75) / Poitiers (86)</p>
<p>&nbsp;</p>
<p>« Jolie musique… c’est du Brahms ? …. Non. C’est Mahler… »</p>
<p>C’est de ces quelques lignes du roman de Dennis Lehane, Shutter Island, adapté au cinéma par M. Scorsese en 2010 qu’est née cette collaboration entre l’Orchestre des Champs-Élysées et la compagnie Le Théâtre dans la forêt. Une lecture conduite par Émilie Le Borgne accompagnée de quatre musiciens qui ont construit à partir du Quatuor avec piano inachevé de G. Mahler une véritable bande originale aux ambiances angoissantes et mystérieuses.</p>
<p>Shutter Island est une petite île au large de Boston où un hôpital psychiatrique semblable à une forteresse accueille des pensionnaires atteints de troubles mentaux graves et coupables de crimes abominables. Un matin de septembre 1954, le marshal Teddy Daniels et son équipier Chuck Aule débarquent pour enquêter sur l’évasion de Rachel, une patiente internée après avoir noyé ses trois enfants.</p>
<p>Ce projet s’inscrit dans le cadre de la « Nouvelle Odyssée » Poitiers de l’Orchestre des Champs-Élysées. Deux semaines d’immersion dans le territoire pictavien en invitant à repenser les rapports entre habitants, artistes, et acteurs publics et privés, et en construisant collectivement un projet de partage et de culture.</p>
<p>Année de création : 2021<br />
Durée du spectacle : 1h15<br />
Âge minimum conseillé : 15 ans</p>
<p><a href="https://orchestredeschampselysees.com/">https://orchestredeschampselysees.com/</a></p>
<hr />
<p style="text-align: center;"><strong>SPECTACLE EN ACCÈS LIBRE SUR RÉSERVATION</strong></p>
<p style="text-align: center;"><a href="https://www3.poitiers-jeunes.com/lesexpressifs2021/informations-pratiques-pass-sanitaire/"><strong><span style="text-decoration: underline;">Billets gratuits à l&rsquo;accueil public du festival</span></strong></a></p>
<p style="text-align: center;"><strong><a href="https://www3.poitiers-jeunes.com/lesexpressifs2021/informations-pratiques-pass-sanitaire/"><span style="text-decoration: underline;">&gt; Informations pratiques sur le pass sanitaire &lt;</span></a></strong></p>
<table style="border-collapse: collapse; width: 100%;">
<tbody>
<tr>
<td style="width: 49.9637%; text-align: right;"><strong> Horaire :</strong></td>
<td style="width: 50.0363%;"><strong>Samedi 15h00<br />
Samedi 20h00</strong></td>
</tr>
<tr>
<td style="width: 49.9637%; text-align: right;"><strong> Lieu :</strong></td>
<td style="width: 50.0363%;"><strong> Musée Ste Croix</strong></td>
</tr>
<tr>
<td style="width: 49.9637%; text-align: right;"><strong> Durée :</strong></td>
<td style="width: 50.0363%;"><strong> 1h15</strong></td>
</tr>
</tbody>
</table>
<hr />

<p>Shutter Island Lecture musicale / Théâtre / Musique classique Paris (75) / Poitiers (86) &nbsp; « Jolie musique… c’est du Brahms ? …. Non. C’est Mahler… » C’est de ces [&hellip;]</p>

Shutter Island Lecture musicale / Théâtre / Musique classique Paris (75) / Poitiers (86) &nbsp; « Jolie musique… c’est du Brahms ? …. Non. C’est Mahler… » C’est de ces [&hellip;]
